Last updated on 2022-07-03 03:50:02 CEST.
Flavor | Version | Tinstall | Tcheck | Ttotal | Status | Flags |
---|---|---|---|---|---|---|
r-devel-linux-x86_64-debian-clang | 0.1.0 | 2.18 | 46.61 | 48.79 | NOTE | |
r-devel-linux-x86_64-debian-gcc | 0.1.0 | 2.03 | 34.55 | 36.58 | NOTE | |
r-devel-linux-x86_64-fedora-clang | 0.1.0 | 67.55 | NOTE | |||
r-devel-linux-x86_64-fedora-gcc | 0.1.0 | 66.73 | NOTE | |||
r-devel-windows-x86_64 | 0.1.0 | 26.00 | 81.00 | 107.00 | NOTE | |
r-patched-linux-x86_64 | 0.1.0 | 2.82 | 44.35 | 47.17 | NOTE | |
r-release-linux-x86_64 | 0.1.0 | 2.27 | 44.25 | 46.52 | NOTE | |
r-release-macos-arm64 | 0.1.0 | 22.00 | NOTE | |||
r-release-macos-x86_64 | 0.1.0 | 31.00 | NOTE | |||
r-release-windows-x86_64 | 0.1.0 | 19.00 | 77.00 | 96.00 | NOTE | |
r-oldrel-macos-arm64 | 0.1.0 | 31.00 | NOTE | |||
r-oldrel-macos-x86_64 | 0.1.0 | 45.00 | NOTE | |||
r-oldrel-windows-ix86+x86_64 | 0.1.0 | 6.00 | 70.00 | 76.00 | NOTE |
Version: 0.1.0
Check: LazyData
Result: NOTE
'LazyData' is specified without a 'data' directory
Flavors: r-devel-linux-x86_64-debian-clang, r-devel-linux-x86_64-debian-gcc, r-devel-linux-x86_64-fedora-clang, r-devel-linux-x86_64-fedora-gcc, r-devel-windows-x86_64, r-patched-linux-x86_64, r-release-linux-x86_64, r-release-macos-arm64, r-release-macos-x86_64, r-release-windows-x86_64, r-oldrel-macos-arm64, r-oldrel-macos-x86_64, r-oldrel-windows-ix86+x86_64