CRAN Package Check Results for Package parameters

Last updated on 2020-08-14 03:47:52 CEST.

Flavor Version Tinstall Tcheck Ttotal Status Flags
r-devel-linux-x86_64-debian-clang 0.8.2 18.97 325.00 343.97 NOTE
r-devel-linux-x86_64-debian-gcc 0.8.2 13.29 241.27 254.56 NOTE
r-devel-linux-x86_64-fedora-clang 0.8.2 417.75 NOTE
r-devel-linux-x86_64-fedora-gcc 0.8.2 411.49 NOTE
r-devel-windows-ix86+x86_64 0.8.2 33.00 453.00 486.00 OK
r-patched-linux-x86_64 0.8.2 15.76 323.03 338.79 NOTE
r-patched-solaris-x86 0.8.2 522.10 NOTE
r-release-linux-x86_64 0.8.2 18.80 326.94 345.74 NOTE
r-release-macos-x86_64 0.8.2 NOTE
r-release-windows-ix86+x86_64 0.8.2 32.00 452.00 484.00 OK
r-oldrel-macos-x86_64 0.8.2 NOTE
r-oldrel-windows-ix86+x86_64 0.8.2 19.00 331.00 350.00 ERROR

Check Details

Version: 0.8.2
Check: package dependencies
Result: NOTE
    Packages suggested but not available for checking:
     'clubSandwich', 'EGAnet', 'geepack', 'sjstats'
Flavor: r-devel-linux-x86_64-debian-clang

Version: 0.8.2
Check: package dependencies
Result: NOTE
    Package suggested but not available for checking: ‘clubSandwich’
Flavors: r-devel-linux-x86_64-debian-gcc, r-devel-linux-x86_64-fedora-clang, r-devel-linux-x86_64-fedora-gcc, r-patched-linux-x86_64, r-release-linux-x86_64

Version: 0.8.2
Check: package dependencies
Result: NOTE
    Packages suggested but not available for checking: 'clubSandwich', 'M3C'
Flavor: r-patched-solaris-x86

Version: 0.8.2
Check: package dependencies
Result: NOTE
    Package suggested but not available for checking: ‘M3C’
Flavors: r-release-macos-x86_64, r-oldrel-macos-x86_64

Version: 0.8.2
Check: examples
Result: ERROR
    Running examples in 'parameters-Ex.R' failed
    The error most likely occurred in:
    
    > ### Name: model_parameters.PCA
    > ### Title: Parameters from Structural Models (PCA, EFA, ...)
    > ### Aliases: model_parameters.PCA model_parameters.principal
    > ### model_parameters.omega
    >
    > ### ** Examples
    >
    > library(parameters)
    > if (require("psych")) {
    + # Principal Component Analysis (PCA) ---------
    + pca <- psych::principal(attitude)
    + model_parameters(pca)
    +
    + pca <- psych::principal(attitude, nfactors = 3, rotate = "none")
    + model_parameters(pca, sort = TRUE, threshold = 0.2)
    +
    + principal_components(attitude, n = 3, sort = TRUE, threshold = 0.2)
    +
    +
    + # Omega ---------
    + omega <- psych::omega(mtcars, nfactors = 3)
    + params <- model_parameters(omega)
    + params
    + summary(params)
    + }
    Loading required package: psych
    Error in nchar(tv[1, 21]) : 'nchar()' requires a character vector
    Calls: <Anonymous> -> omegah -> omega.diagram -> multi.arrow
    Execution halted
Flavor: r-oldrel-windows-ix86+x86_64