CRAN Package Check Results for Package parameters

Last updated on 2022-05-24 15:52:53 CEST.

Flavor Version Tinstall Tcheck Ttotal Status Flags
r-devel-linux-x86_64-debian-clang 0.17.0 27.93 347.09 375.02 OK
r-devel-linux-x86_64-debian-gcc 0.17.0 21.21 247.85 269.06 OK
r-devel-linux-x86_64-fedora-clang 0.17.0 439.97 OK
r-devel-linux-x86_64-fedora-gcc 0.17.0 442.95 OK
r-devel-windows-x86_64 0.17.0 252.00 399.00 651.00 OK
r-patched-linux-x86_64 0.17.0 36.18 328.37 364.55 OK
r-release-linux-x86_64 0.17.0 OK
r-release-macos-arm64 0.17.0 112.00 NOTE
r-release-macos-x86_64 0.17.0 141.00 OK
r-release-windows-x86_64 0.17.0 344.00 395.00 739.00 OK
r-oldrel-macos-arm64 0.17.0 96.00 OK
r-oldrel-macos-x86_64 0.17.0 148.00 OK
r-oldrel-windows-ix86+x86_64 0.17.0 54.00 383.00 437.00 OK

Additional issues

noSuggests

Check Details

Version: 0.17.0
Check: package dependencies
Result: NOTE
    Packages suggested but not available for checking:
     'ClassDiscovery', 'M3C', 'PCDimension'
Flavor: r-release-macos-arm64