CRAN Package Check Results for Package paradox

Last updated on 2024-06-13 03:49:28 CEST.

Flavor Version Tinstall Tcheck Ttotal Status Flags
r-devel-linux-x86_64-debian-clang 0.11.1 14.13 112.58 126.71 OK
r-devel-linux-x86_64-debian-gcc 1.0.0 7.69 62.67 70.36 NOTE
r-devel-linux-x86_64-fedora-clang 1.0.0 230.30 OK
r-devel-linux-x86_64-fedora-gcc 1.0.0 228.45 OK
r-devel-windows-x86_64 1.0.0 4.00 9.00 13.00 ERROR
r-patched-linux-x86_64 0.11.1 16.71 108.22 124.93 OK
r-release-linux-x86_64 0.11.1 13.23 104.03 117.26 OK
r-release-macos-arm64 1.0.0 71.00 OK
r-release-macos-x86_64 1.0.0 196.00 OK
r-release-windows-x86_64 0.11.1 10.00 97.00 107.00 OK
r-oldrel-macos-arm64 1.0.0 85.00 ERROR
r-oldrel-macos-x86_64 1.0.0 169.00 ERROR
r-oldrel-windows-x86_64 1.0.0 11.00 161.00 172.00 OK

Check Details

Version: 1.0.0
Check: package dependencies
Result: NOTE Package suggested but not available for checking: ‘testthat’ Flavor: r-devel-linux-x86_64-debian-gcc

Version: 1.0.0
Check: whether package can be installed
Result: ERROR Installation failed. Flavor: r-devel-windows-x86_64

Version: 1.0.0
Check: running R code from vignettes
Result: ERROR Errors in running code in vignettes: when running code in ‘indepth.Rmd’ ... $y [1] 2.5 > ps1$values$x = 1.5 When sourcing ‘indepth.R’: Error: Assertion on 'xs' failed: x: Must be of type 'single integerish value', not 'double'. Execution halted ‘indepth.Rmd’ using ‘UTF-8’... failed Flavors: r-oldrel-macos-arm64, r-oldrel-macos-x86_64