CRAN Package Check Results for Package papeR

Last updated on 2022-06-28 15:53:23 CEST.

Flavor Version Tinstall Tcheck Ttotal Status Flags
r-devel-linux-x86_64-debian-clang 1.0-5 4.85 71.13 75.98 OK
r-devel-linux-x86_64-debian-gcc 1.0-5 4.06 53.12 57.18 OK
r-devel-linux-x86_64-fedora-clang 1.0-5 98.15 WARN
r-devel-linux-x86_64-fedora-gcc 1.0-5 100.27 WARN
r-devel-windows-x86_64 1.0-5 22.00 110.00 132.00 OK
r-patched-linux-x86_64 1.0-5 12.35 66.29 78.64 OK
r-release-linux-x86_64 1.0-5 5.00 67.18 72.18 OK
r-release-macos-arm64 1.0-5 34.00 OK
r-release-macos-x86_64 1.0-5 55.00 OK
r-release-windows-x86_64 1.0-5 19.00 103.00 122.00 OK
r-oldrel-macos-arm64 1.0-5 51.00 OK
r-oldrel-macos-x86_64 1.0-5 78.00 OK
r-oldrel-windows-ix86+x86_64 1.0-5 11.00 100.00 111.00 OK

Check Details

Version: 1.0-5
Check: package dependencies
Result: WARN
    Requires (indirectly) orphaned package: ‘gtools’
Flavors: r-devel-linux-x86_64-fedora-clang, r-devel-linux-x86_64-fedora-gcc