Last updated on 2022-07-04 15:54:48 CEST.
Flavor | Version | Tinstall | Tcheck | Ttotal | Status | Flags |
---|---|---|---|---|---|---|
r-devel-linux-x86_64-debian-clang | 0.1.0 | 18.33 | 144.64 | 162.97 | OK | |
r-devel-linux-x86_64-debian-gcc | 0.1.0 | 14.83 | 104.98 | 119.81 | OK | |
r-devel-linux-x86_64-fedora-clang | 0.1.0 | 199.71 | NOTE | |||
r-devel-linux-x86_64-fedora-gcc | 0.1.0 | 196.23 | NOTE | |||
r-devel-windows-x86_64 | 0.1.0 | 23.00 | 152.00 | 175.00 | OK | |
r-patched-linux-x86_64 | 0.1.0 | 19.09 | 132.24 | 151.33 | OK | |
r-release-linux-x86_64 | 0.1.0 | 12.11 | 135.24 | 147.35 | OK | |
r-release-macos-arm64 | 0.1.0 | 45.00 | NOTE | |||
r-release-macos-x86_64 | 0.1.0 | 86.00 | NOTE | |||
r-release-windows-x86_64 | 0.1.0 | 21.00 | 151.00 | 172.00 | OK | |
r-oldrel-macos-arm64 | 0.1.0 | 47.00 | NOTE | |||
r-oldrel-macos-x86_64 | 0.1.0 | 64.00 | NOTE | |||
r-oldrel-windows-ix86+x86_64 | 0.1.0 | 42.00 | 148.00 | 190.00 | OK |
Version: 0.1.0
Check: dependencies in R code
Result: NOTE
Namespace in Imports field not imported from: ‘DT’
All declared Imports should be used.
Flavors: r-devel-linux-x86_64-fedora-clang, r-devel-linux-x86_64-fedora-gcc, r-release-macos-arm64, r-release-macos-x86_64, r-oldrel-macos-arm64, r-oldrel-macos-x86_64