CRAN Package Check Results for Package pamctdp

Last updated on 2020-09-29 03:48:28 CEST.

Flavor Version Tinstall Tcheck Ttotal Status Flags
r-devel-linux-x86_64-debian-clang 0.3.2 7.17 58.07 65.24 OK
r-devel-linux-x86_64-debian-gcc 0.3.2 5.99 42.95 48.94 OK
r-devel-linux-x86_64-fedora-clang 0.3.2 83.37 NOTE
r-devel-linux-x86_64-fedora-gcc 0.3.2 74.25 NOTE
r-devel-windows-ix86+x86_64 0.3.2 16.00 59.00 75.00 OK
r-patched-linux-x86_64 0.3.2 6.83 53.20 60.03 OK
r-patched-solaris-x86 0.3.2 102.70 NOTE
r-release-linux-x86_64 0.3.2 6.94 53.60 60.54 OK
r-release-macos-x86_64 0.3.2 NOTE
r-release-windows-ix86+x86_64 0.3.2 21.00 72.00 93.00 OK
r-oldrel-macos-x86_64 0.3.2 NOTE
r-oldrel-windows-ix86+x86_64 0.3.2 14.00 72.00 86.00 OK

Check Details

Version: 0.3.2
Check: data for non-ASCII characters
Result: NOTE
     Note: found 34 marked UTF-8 strings
Flavors: r-devel-linux-x86_64-fedora-clang, r-devel-linux-x86_64-fedora-gcc, r-patched-solaris-x86, r-release-macos-x86_64, r-oldrel-macos-x86_64