CRAN Package Check Results for Package palmerpenguins

Last updated on 2021-09-19 03:51:19 CEST.

Flavor Version Tinstall Tcheck Ttotal Status Flags
r-devel-linux-x86_64-debian-clang 0.1.0 2.30 23.08 25.38 OK
r-devel-linux-x86_64-debian-gcc 0.1.0 1.68 18.18 19.86 OK
r-devel-linux-x86_64-fedora-clang 0.1.0 39.50 OK
r-devel-linux-x86_64-fedora-gcc 0.1.0 28.20 OK
r-devel-windows-x86_64 0.1.0 7.00 31.00 38.00 OK
r-devel-windows-x86_64-gcc10-UCRT 0.1.0 ERROR
r-patched-linux-x86_64 0.1.0 2.16 22.41 24.57 OK
r-patched-solaris-x86 0.1.0 47.80 OK
r-release-linux-x86_64 0.1.0 2.18 22.38 24.56 OK
r-release-macos-arm64 0.1.0 OK
r-release-macos-x86_64 0.1.0 OK
r-release-windows-ix86+x86_64 0.1.0 5.00 29.00 34.00 OK
r-oldrel-macos-x86_64 0.1.0 OK
r-oldrel-windows-ix86+x86_64 0.1.0 5.00 28.00 33.00 OK

Check Details

Version: 0.1.0
Check: whether package can be installed
Result: WARN
    Found the following significant warnings:
     WARNING: installation-time patches will not be applied, could not get the patches index
Flavor: r-devel-windows-x86_64-gcc10-UCRT

Version: 0.1.0
Check: PDF version of manual
Result: WARN
    LaTeX errors when creating PDF version.
    This typically indicates Rd problems.
Flavor: r-devel-windows-x86_64-gcc10-UCRT

Version: 0.1.0
Check: PDF version of manual without hyperrefs or index
Result: ERROR
    Re-running with no redirection of stdout/stderr.
Flavor: r-devel-windows-x86_64-gcc10-UCRT