CRAN Package Check Results for Package palmerpenguins

Last updated on 2020-09-22 03:49:33 CEST.

Flavor Version Tinstall Tcheck Ttotal Status Flags
r-devel-linux-x86_64-debian-clang 0.1.0 1.69 20.70 22.39 OK
r-devel-linux-x86_64-debian-gcc 0.1.0 0.38 1.80 2.18 ERROR
r-devel-linux-x86_64-fedora-clang 0.1.0 36.01 OK
r-devel-linux-x86_64-fedora-gcc 0.1.0 26.36 OK
r-devel-windows-ix86+x86_64 0.1.0 4.00 31.00 35.00 OK
r-patched-linux-x86_64 0.1.0 2.10 19.94 22.04 OK
r-patched-solaris-x86 0.1.0 44.00 OK
r-release-linux-x86_64 0.1.0 2.01 20.03 22.04 OK
r-release-macos-x86_64 0.1.0 OK
r-release-windows-ix86+x86_64 0.1.0 5.00 39.00 44.00 OK
r-oldrel-macos-x86_64 0.1.0 OK
r-oldrel-windows-ix86+x86_64 0.1.0 3.00 43.00 46.00 OK

Check Details

Version: 0.1.0
Check: whether package can be installed
Result: ERROR
    Installation failed.
Flavor: r-devel-linux-x86_64-debian-gcc