CRAN Package Check Results for Package paleofire

Last updated on 2022-09-25 15:56:49 CEST.

Flavor Version Tinstall Tcheck Ttotal Status Flags
r-devel-linux-x86_64-debian-clang 1.2.4 38.91 358.01 396.92 NOTE
r-devel-linux-x86_64-debian-gcc 1.2.4 32.14 261.00 293.14 NOTE
r-devel-linux-x86_64-fedora-clang 1.2.4 489.90 NOTE
r-devel-linux-x86_64-fedora-gcc 1.2.4 478.21 NOTE
r-devel-windows-x86_64 1.2.4 59.00 377.00 436.00 OK
r-patched-linux-x86_64 1.2.4 35.24 335.78 371.02 NOTE
r-release-linux-x86_64 1.2.4 29.81 339.05 368.86 NOTE
r-release-macos-arm64 1.2.4 103.00 OK
r-release-macos-x86_64 1.2.4 193.00 OK
r-release-windows-x86_64 1.2.4 65.00 381.00 446.00 OK
r-oldrel-macos-arm64 1.2.4 66.00 OK
r-oldrel-macos-x86_64 1.2.4 102.00 OK
r-oldrel-windows-ix86+x86_64 1.2.4 75.00 360.00 435.00 OK

Check Details

Version: 1.2.4
Check: package dependencies
Result: NOTE
    Package suggested but not available for checking: 'Imap'
Flavors: r-devel-linux-x86_64-debian-clang, r-devel-linux-x86_64-debian-gcc, r-devel-linux-x86_64-fedora-clang, r-devel-linux-x86_64-fedora-gcc, r-patched-linux-x86_64, r-release-linux-x86_64