CRAN Package Check Results for Package pairsD3

Last updated on 2020-09-22 03:49:33 CEST.

Flavor Version Tinstall Tcheck Ttotal Status Flags
r-devel-linux-x86_64-debian-clang 0.1.0 3.41 31.28 34.69 NOTE
r-devel-linux-x86_64-debian-gcc 0.1.0 0.31 1.91 2.22 ERROR
r-devel-linux-x86_64-fedora-clang 0.1.0 50.18 NOTE
r-devel-linux-x86_64-fedora-gcc 0.1.0 40.51 NOTE
r-devel-windows-ix86+x86_64 0.1.0 8.00 46.00 54.00 NOTE
r-patched-linux-x86_64 0.1.0 3.09 30.24 33.33 NOTE
r-patched-solaris-x86 0.1.0 62.40 NOTE
r-release-linux-x86_64 0.1.0 3.38 30.72 34.10 NOTE
r-release-macos-x86_64 0.1.0 NOTE
r-release-windows-ix86+x86_64 0.1.0 8.00 54.00 62.00 NOTE
r-oldrel-macos-x86_64 0.1.0 NOTE
r-oldrel-windows-ix86+x86_64 0.1.0 5.00 50.00 55.00 NOTE

Check Details

Version: 0.1.0
Check: R code for possible problems
Result: NOTE
    pairsD3: no visible global function definition for 'gray.colors'
    Undefined global functions or variables:
     gray.colors
    Consider adding
     importFrom("grDevices", "gray.colors")
    to your NAMESPACE file.
Flavors: r-devel-linux-x86_64-debian-clang, r-devel-linux-x86_64-fedora-clang, r-devel-linux-x86_64-fedora-gcc, r-devel-windows-ix86+x86_64, r-patched-linux-x86_64, r-patched-solaris-x86, r-release-linux-x86_64, r-release-macos-x86_64, r-release-windows-ix86+x86_64, r-oldrel-macos-x86_64, r-oldrel-windows-ix86+x86_64

Version: 0.1.0
Check: whether package can be installed
Result: ERROR
    Installation failed.
Flavor: r-devel-linux-x86_64-debian-gcc