CRAN Package Check Results for Package packcircles

Last updated on 2020-08-13 15:51:14 CEST.

Flavor Version Tinstall Tcheck Ttotal Status Flags
r-devel-linux-x86_64-debian-clang 0.3.3 55.42 42.14 97.56 OK
r-devel-linux-x86_64-debian-gcc 0.3.3 36.05 33.06 69.11 OK
r-devel-linux-x86_64-fedora-clang 0.3.3 128.59 OK
r-devel-linux-x86_64-fedora-gcc 0.3.3 113.16 OK
r-devel-windows-ix86+x86_64 0.3.3 124.00 96.00 220.00 OK
r-patched-linux-x86_64 0.3.3 40.82 41.28 82.10 OK
r-patched-solaris-x86 0.3.3 123.40 WARN
r-release-linux-x86_64 0.3.3 40.63 41.28 81.91 OK
r-release-macos-x86_64 0.3.3 WARN
r-release-windows-ix86+x86_64 0.3.3 99.00 82.00 181.00 OK
r-oldrel-macos-x86_64 0.3.3 WARN
r-oldrel-windows-ix86+x86_64 0.3.3 88.00 71.00 159.00 OK

Check Details

Version: 0.3.3
Check: re-building of vignette outputs
Result: WARN
    Error(s) in re-building vignettes:
     ...
    --- re-building ‘graph_packing.Rmd’ using rmarkdown
    Warning in engine$weave(file, quiet = quiet, encoding = enc) :
     Pandoc (>= 1.12.3) and/or pandoc-citeproc not available. Falling back to R Markdown v1.
    --- finished re-building ‘graph_packing.Rmd’
    
    --- re-building ‘intro.Rmd’ using rmarkdown
    Warning in engine$weave(file, quiet = quiet, encoding = enc) :
     Pandoc (>= 1.12.3) and/or pandoc-citeproc not available. Falling back to R Markdown v1.
    --- finished re-building ‘intro.Rmd’
    
    --- re-building ‘progressive_packing.Rmd’ using rmarkdown
    Warning in engine$weave(file, quiet = quiet, encoding = enc) :
     Pandoc (>= 1.12.3) and/or pandoc-citeproc not available. Falling back to R Markdown v1.
    Quitting from lines 196-217 (progressive_packing.Rmd)
    Error: processing vignette 'progressive_packing.Rmd' failed with diagnostics:
    there is no package called 'webshot'
    --- failed re-building ‘progressive_packing.Rmd’
    
    SUMMARY: processing the following file failed:
     ‘progressive_packing.Rmd’
    
    Error: Vignette re-building failed.
    Execution halted
Flavor: r-patched-solaris-x86

Version: 0.3.3
Check: re-building of vignette outputs
Result: WARN
    Error(s) in re-building vignettes:
     ...
    --- re-building ‘graph_packing.Rmd’ using rmarkdown
    Warning in engine$weave(file, quiet = quiet, encoding = enc) :
     Pandoc (>= 1.12.3) and/or pandoc-citeproc not available. Falling back to R Markdown v1.
    --- finished re-building ‘graph_packing.Rmd’
    
    --- re-building ‘intro.Rmd’ using rmarkdown
    Warning in engine$weave(file, quiet = quiet, encoding = enc) :
     Pandoc (>= 1.12.3) and/or pandoc-citeproc not available. Falling back to R Markdown v1.
    --- finished re-building ‘intro.Rmd’
    
    --- re-building ‘progressive_packing.Rmd’ using rmarkdown
    Warning in engine$weave(file, quiet = quiet, encoding = enc) :
     Pandoc (>= 1.12.3) and/or pandoc-citeproc not available. Falling back to R Markdown v1.
    Quitting from lines 196-217 (progressive_packing.Rmd)
    Error: processing vignette 'progressive_packing.Rmd' failed with diagnostics:
    cannot open the connection
    --- failed re-building ‘progressive_packing.Rmd’
    
    SUMMARY: processing the following file failed:
     ‘progressive_packing.Rmd’
    
    Error: Vignette re-building failed.
    Execution halted
Flavors: r-release-macos-x86_64, r-oldrel-macos-x86_64