CRAN Package Check Results for Package packcircles

Last updated on 2020-10-27 03:53:12 CET.

Flavor Version Tinstall Tcheck Ttotal Status Flags
r-devel-linux-x86_64-debian-clang 0.3.3 56.91 43.80 100.71 OK
r-devel-linux-x86_64-debian-gcc 0.3.3 37.04 33.28 70.32 OK
r-devel-linux-x86_64-fedora-clang 0.3.3 133.27 OK
r-devel-linux-x86_64-fedora-gcc 0.3.3 113.61 OK
r-devel-windows-ix86+x86_64 0.3.3 109.00 73.00 182.00 OK
r-patched-linux-x86_64 0.3.3 OK
r-patched-solaris-x86 0.3.3 122.90 WARN
r-release-linux-x86_64 0.3.3 51.62 40.99 92.61 OK
r-release-macos-x86_64 0.3.3 WARN
r-release-windows-ix86+x86_64 0.3.3 89.00 69.00 158.00 OK
r-oldrel-macos-x86_64 0.3.3 WARN
r-oldrel-windows-ix86+x86_64 0.3.3 101.00 82.00 183.00 OK

Check Details

Version: 0.3.3
Check: re-building of vignette outputs
Result: WARN
    Error(s) in re-building vignettes:
     ...
    --- re-building ‘graph_packing.Rmd’ using rmarkdown
    Warning in engine$weave(file, quiet = quiet, encoding = enc) :
     Pandoc (>= 1.12.3) and/or pandoc-citeproc not available. Falling back to R Markdown v1.
    --- finished re-building ‘graph_packing.Rmd’
    
    --- re-building ‘intro.Rmd’ using rmarkdown
    Warning in engine$weave(file, quiet = quiet, encoding = enc) :
     Pandoc (>= 1.12.3) and/or pandoc-citeproc not available. Falling back to R Markdown v1.
    --- finished re-building ‘intro.Rmd’
    
    --- re-building ‘progressive_packing.Rmd’ using rmarkdown
    Warning in engine$weave(file, quiet = quiet, encoding = enc) :
     Pandoc (>= 1.12.3) and/or pandoc-citeproc not available. Falling back to R Markdown v1.
    Quitting from lines 196-217 (progressive_packing.Rmd)
    Error: processing vignette 'progressive_packing.Rmd' failed with diagnostics:
    there is no package called 'webshot'
    --- failed re-building ‘progressive_packing.Rmd’
    
    SUMMARY: processing the following file failed:
     ‘progressive_packing.Rmd’
    
    Error: Vignette re-building failed.
    Execution halted
Flavor: r-patched-solaris-x86

Version: 0.3.3
Check: re-building of vignette outputs
Result: WARN
    Error(s) in re-building vignettes:
     ...
    --- re-building ‘graph_packing.Rmd’ using rmarkdown
    Warning in engine$weave(file, quiet = quiet, encoding = enc) :
     Pandoc (>= 1.12.3) and/or pandoc-citeproc not available. Falling back to R Markdown v1.
    --- finished re-building ‘graph_packing.Rmd’
    
    --- re-building ‘intro.Rmd’ using rmarkdown
    Warning in engine$weave(file, quiet = quiet, encoding = enc) :
     Pandoc (>= 1.12.3) and/or pandoc-citeproc not available. Falling back to R Markdown v1.
    --- finished re-building ‘intro.Rmd’
    
    --- re-building ‘progressive_packing.Rmd’ using rmarkdown
    Warning in engine$weave(file, quiet = quiet, encoding = enc) :
     Pandoc (>= 1.12.3) and/or pandoc-citeproc not available. Falling back to R Markdown v1.
    Quitting from lines 196-217 (progressive_packing.Rmd)
    Error: processing vignette 'progressive_packing.Rmd' failed with diagnostics:
    cannot open the connection
    --- failed re-building ‘progressive_packing.Rmd’
    
    SUMMARY: processing the following file failed:
     ‘progressive_packing.Rmd’
    
    Error: Vignette re-building failed.
    Execution halted
Flavors: r-release-macos-x86_64, r-oldrel-macos-x86_64