Last updated on 2022-06-25 15:51:28 CEST.
Flavor | Version | Tinstall | Tcheck | Ttotal | Status | Flags |
---|---|---|---|---|---|---|
r-devel-linux-x86_64-debian-clang | 0.1.1 | 25.15 | 51.94 | 77.09 | NOTE | |
r-devel-linux-x86_64-debian-gcc | 0.1.1 | 22.37 | 38.85 | 61.22 | NOTE | |
r-devel-linux-x86_64-fedora-clang | 0.1.1 | 116.82 | NOTE | |||
r-devel-linux-x86_64-fedora-gcc | 0.1.1 | 110.70 | NOTE | |||
r-devel-windows-x86_64 | 0.1.1 | 34.00 | 99.00 | 133.00 | NOTE | |
r-patched-linux-x86_64 | 0.1.1 | 26.81 | 51.13 | 77.94 | NOTE | |
r-release-linux-x86_64 | 0.1.1 | 25.07 | 50.58 | 75.65 | NOTE | |
r-release-macos-arm64 | 0.1.1 | 34.00 | NOTE | |||
r-release-macos-x86_64 | 0.1.1 | 44.00 | NOTE | |||
r-release-windows-x86_64 | 0.1.1 | 40.00 | 102.00 | 142.00 | NOTE | |
r-oldrel-macos-arm64 | 0.1.1 | 36.00 | NOTE | |||
r-oldrel-macos-x86_64 | 0.1.1 | 51.00 | NOTE | |||
r-oldrel-windows-ix86+x86_64 | 0.1.1 | 75.00 | 117.00 | 192.00 | NOTE |
Version: 0.1.1
Check: LazyData
Result: NOTE
'LazyData' is specified without a 'data' directory
Flavors: r-devel-linux-x86_64-debian-clang, r-devel-linux-x86_64-debian-gcc, r-devel-linux-x86_64-fedora-clang, r-devel-linux-x86_64-fedora-gcc, r-devel-windows-x86_64, r-patched-linux-x86_64, r-release-linux-x86_64, r-release-macos-arm64, r-release-macos-x86_64, r-release-windows-x86_64, r-oldrel-macos-arm64, r-oldrel-macos-x86_64, r-oldrel-windows-ix86+x86_64