CRAN Package Check Results for Package pCODE

Last updated on 2020-11-25 15:52:03 CET.

Flavor Version Tinstall Tcheck Ttotal Status Flags
r-devel-linux-x86_64-debian-clang 0.9.3 9.04 172.04 181.08 OK
r-devel-linux-x86_64-debian-gcc 0.9.3 7.44 115.75 123.19 OK
r-devel-linux-x86_64-fedora-clang 0.9.3 204.98 NOTE
r-devel-linux-x86_64-fedora-gcc 0.9.3 197.54 NOTE
r-devel-windows-ix86+x86_64 0.9.3 18.00 190.00 208.00 OK
r-patched-linux-x86_64 0.9.3 9.72 152.87 162.59 OK
r-patched-solaris-x86 0.9.3 273.70 NOTE
r-release-linux-x86_64 0.9.3 7.76 158.15 165.91 OK
r-release-macos-x86_64 0.9.3 NOTE
r-release-windows-ix86+x86_64 0.9.3 27.00 191.00 218.00 OK
r-oldrel-macos-x86_64 0.9.3 NOTE
r-oldrel-windows-ix86+x86_64 0.9.3 13.00 213.00 226.00 OK

Check Details

Version: 0.9.3
Check: dependencies in R code
Result: NOTE
    Namespace in Imports field not imported from: ‘base’
     All declared Imports should be used.
Flavors: r-devel-linux-x86_64-fedora-clang, r-devel-linux-x86_64-fedora-gcc, r-patched-solaris-x86, r-release-macos-x86_64, r-oldrel-macos-x86_64