CRAN Package Check Results for Package otvPlots

Last updated on 2020-09-20 03:47:32 CEST.

Flavor Version Tinstall Tcheck Ttotal Status Flags
r-devel-linux-x86_64-debian-clang 0.2.1 12.49 130.84 143.33 OK
r-devel-linux-x86_64-debian-gcc 0.2.1 10.61 94.83 105.44 OK
r-devel-linux-x86_64-fedora-clang 0.2.1 178.20 NOTE
r-devel-linux-x86_64-fedora-gcc 0.2.1 160.75 NOTE
r-devel-windows-ix86+x86_64 0.2.1 29.00 129.00 158.00 OK
r-patched-linux-x86_64 0.2.1 8.50 119.25 127.75 OK
r-patched-solaris-x86 0.2.1 225.60 NOTE
r-release-linux-x86_64 0.2.1 7.88 122.19 130.07 OK
r-release-macos-x86_64 0.2.1 NOTE
r-release-windows-ix86+x86_64 0.2.1 29.00 160.00 189.00 OK
r-oldrel-macos-x86_64 0.2.1 NOTE
r-oldrel-windows-ix86+x86_64 0.2.1 16.00 166.00 182.00 OK

Check Details

Version: 0.2.1
Check: dependencies in R code
Result: NOTE
    Namespace in Imports field not imported from: ‘quantreg’
     All declared Imports should be used.
Flavors: r-devel-linux-x86_64-fedora-clang, r-devel-linux-x86_64-fedora-gcc, r-patched-solaris-x86, r-release-macos-x86_64, r-oldrel-macos-x86_64