CRAN Package Check Results for Package otsad

Last updated on 2024-06-15 04:48:49 CEST.

Flavor Version Tinstall Tcheck Ttotal Status Flags
r-devel-linux-x86_64-debian-clang 0.2.0 8.89 82.94 91.83 OK
r-devel-linux-x86_64-debian-gcc 0.2.0 6.35 61.13 67.48 OK
r-devel-linux-x86_64-fedora-clang 0.2.0 113.00 OK
r-devel-linux-x86_64-fedora-gcc 0.2.0 118.88 OK
r-devel-windows-x86_64 0.2.0 9.00 106.00 115.00 OK
r-patched-linux-x86_64 0.2.0 7.93 79.74 87.67 OK
r-release-linux-x86_64 0.2.0 4.99 78.48 83.47 OK
r-release-macos-arm64 0.2.0 41.00 OK
r-release-macos-x86_64 0.2.0 52.00 WARN
r-release-windows-x86_64 0.2.0 8.00 108.00 116.00 OK
r-oldrel-macos-arm64 0.2.0 40.00 OK
r-oldrel-macos-x86_64 0.2.0 58.00 OK
r-oldrel-windows-x86_64 0.2.0 10.00 113.00 123.00 OK

Additional issues

donttest

Check Details

Version: 0.2.0
Check: re-building of vignette outputs
Result: WARN Error(s) in re-building vignettes: ... --- re-building ‘otsad.Rnw’ using knitr Error: processing vignette 'otsad.Rnw' failed with diagnostics: Running 'texi2dvi' on 'otsad.tex' failed. LaTeX errors: ! Undefined control sequence. l.239 \hlkwd{install.packages}\hldef {(}\hlsng{"devtools"}\hldef{)} ? ! Emergency stop. ! Emergency stop. l.239 End of file on the terminal! ! ==> Fatal error occurred, no output PDF file produced! --- failed re-building ‘otsad.Rnw’ SUMMARY: processing the following file failed: ‘otsad.Rnw’ Error: Vignette re-building failed. Execution halted Flavor: r-release-macos-x86_64