CRAN Package Check Results for Package osmplotr

Last updated on 2020-09-29 15:47:40 CEST.

Flavor Version Tinstall Tcheck Ttotal Status Flags
r-devel-linux-x86_64-debian-clang 0.3.2 17.46 260.77 278.23 OK
r-devel-linux-x86_64-debian-gcc 0.3.2 13.56 188.52 202.08 OK
r-devel-linux-x86_64-fedora-clang 0.3.2 329.94 NOTE
r-devel-linux-x86_64-fedora-gcc 0.3.2 336.60 OK
r-devel-windows-ix86+x86_64 0.3.2 40.00 281.00 321.00 NOTE
r-patched-linux-x86_64 0.3.2 18.22 241.42 259.64 OK
r-patched-solaris-x86 0.3.2 423.70 NOTE
r-release-linux-x86_64 0.3.2 14.36 239.03 253.39 OK
r-release-macos-x86_64 0.3.2 NOTE
r-release-windows-ix86+x86_64 0.3.2 37.00 316.00 353.00 NOTE
r-oldrel-macos-x86_64 0.3.2 NOTE
r-oldrel-windows-ix86+x86_64 0.3.2 32.00 284.00 316.00 NOTE

Check Details

Version: 0.3.2
Check: installed package size
Result: NOTE
     installed size is 8.1Mb
     sub-directories of 1Mb or more:
     doc 7.2Mb
Flavors: r-devel-linux-x86_64-fedora-clang, r-devel-windows-ix86+x86_64, r-patched-solaris-x86, r-release-macos-x86_64, r-release-windows-ix86+x86_64, r-oldrel-macos-x86_64, r-oldrel-windows-ix86+x86_64