CRAN Package Check Results for Package osmdata

Last updated on 2020-09-28 15:47:48 CEST.

Flavor Version Tinstall Tcheck Ttotal Status Flags
r-devel-linux-x86_64-debian-clang 0.1.3 88.28 79.19 167.47 OK
r-devel-linux-x86_64-debian-gcc 0.1.3 69.41 59.30 128.71 OK
r-devel-linux-x86_64-fedora-clang 0.1.3 227.22 NOTE
r-devel-linux-x86_64-fedora-gcc 0.1.3 213.89 OK
r-devel-windows-ix86+x86_64 0.1.3 186.00 158.00 344.00 NOTE
r-patched-linux-x86_64 0.1.3 75.50 74.62 150.12 OK
r-patched-solaris-x86 0.1.3 206.80 NOTE
r-release-linux-x86_64 0.1.3 75.58 74.69 150.27 OK
r-release-macos-x86_64 0.1.3 NOTE
r-release-windows-ix86+x86_64 0.1.3 185.00 172.00 357.00 NOTE
r-oldrel-macos-x86_64 0.1.3 NOTE
r-oldrel-windows-ix86+x86_64 0.1.3 175.00 154.00 329.00 NOTE

Check Details

Version: 0.1.3
Check: installed package size
Result: NOTE
     installed size is 12.6Mb
     sub-directories of 1Mb or more:
     doc 3.6Mb
     libs 8.0Mb
Flavors: r-devel-linux-x86_64-fedora-clang, r-devel-windows-ix86+x86_64, r-patched-solaris-x86, r-release-macos-x86_64, r-release-windows-ix86+x86_64, r-oldrel-macos-x86_64, r-oldrel-windows-ix86+x86_64