CRAN Package Check Results for Package oshka

Last updated on 2022-11-26 16:03:01 CET.

Flavor Version Tinstall Tcheck Ttotal Status Flags
r-devel-linux-x86_64-debian-clang 0.1.2 2.15 34.12 36.27 NOTE
r-devel-linux-x86_64-debian-gcc 0.1.2 1.70 26.84 28.54 NOTE
r-devel-linux-x86_64-fedora-clang 0.1.2 56.62 NOTE
r-devel-linux-x86_64-fedora-gcc 0.1.2 54.40 NOTE
r-devel-windows-x86_64 0.1.2 14.00 66.00 80.00 NOTE
r-patched-linux-x86_64 0.1.2 NOTE
r-release-linux-x86_64 0.1.2 1.78 32.34 34.12 NOTE
r-release-macos-arm64 0.1.2 20.00 NOTE
r-release-macos-x86_64 0.1.2 27.00 NOTE
r-release-windows-x86_64 0.1.2 14.00 70.00 84.00 NOTE
r-oldrel-macos-arm64 0.1.2 21.00 NOTE
r-oldrel-macos-x86_64 0.1.2 27.00 NOTE
r-oldrel-windows-ix86+x86_64 0.1.2 5.00 57.00 62.00 NOTE

Check Details

Version: 0.1.2
Check: LazyData
Result: NOTE
     'LazyData' is specified without a 'data' directory
Flavors: r-devel-linux-x86_64-debian-clang, r-devel-linux-x86_64-debian-gcc, r-devel-linux-x86_64-fedora-clang, r-devel-linux-x86_64-fedora-gcc, r-devel-windows-x86_64, r-patched-linux-x86_64, r-release-linux-x86_64, r-release-macos-arm64, r-release-macos-x86_64, r-release-windows-x86_64, r-oldrel-macos-arm64, r-oldrel-macos-x86_64, r-oldrel-windows-ix86+x86_64