Last updated on 2022-06-30 03:53:29 CEST.
Flavor | Version | Tinstall | Tcheck | Ttotal | Status | Flags |
---|---|---|---|---|---|---|
r-devel-linux-x86_64-debian-clang | 0.6.4 | 298.27 | 108.70 | 406.97 | OK | |
r-devel-linux-x86_64-debian-gcc | 0.6.4 | 220.90 | 81.15 | 302.05 | OK | |
r-devel-linux-x86_64-fedora-clang | 0.6.4 | 592.30 | NOTE | |||
r-devel-linux-x86_64-fedora-gcc | 0.6.4 | 510.92 | OK | |||
r-devel-windows-x86_64 | 0.6.4 | 206.00 | 149.00 | 355.00 | OK | |
r-patched-linux-x86_64 | 0.6.4 | 231.99 | 109.39 | 341.38 | OK | |
r-release-linux-x86_64 | 0.6.4 | 228.46 | 107.11 | 335.57 | OK | |
r-release-macos-arm64 | 0.6.4 | 125.00 | NOTE | |||
r-release-macos-x86_64 | 0.6.4 | 174.00 | NOTE | |||
r-release-windows-x86_64 | 0.6.4 | 216.00 | 146.00 | 362.00 | OK | |
r-oldrel-macos-arm64 | 0.6.4 | 174.00 | NOTE | |||
r-oldrel-macos-x86_64 | 0.6.4 | 263.00 | NOTE | |||
r-oldrel-windows-ix86+x86_64 | 0.6.4 | 634.00 | 183.00 | 817.00 | OK |
Version: 0.6.4
Check: installed package size
Result: NOTE
installed size is 9.9Mb
sub-directories of 1Mb or more:
libs 9.6Mb
Flavors: r-devel-linux-x86_64-fedora-clang, r-release-macos-arm64, r-release-macos-x86_64, r-oldrel-macos-arm64, r-oldrel-macos-x86_64