CRAN Package Check Results for Package origami

Last updated on 2021-01-18 03:48:32 CET.

Flavor Version Tinstall Tcheck Ttotal Status Flags
r-devel-linux-x86_64-debian-clang 1.0.3 2.98 80.29 83.27 OK
r-devel-linux-x86_64-debian-gcc 1.0.3 2.32 57.72 60.04 OK
r-devel-linux-x86_64-fedora-clang 1.0.3 107.24 NOTE
r-devel-linux-x86_64-fedora-gcc 1.0.3 97.99 OK
r-devel-windows-ix86+x86_64 1.0.3 5.00 91.00 96.00 OK
r-patched-linux-x86_64 1.0.3 3.64 77.45 81.09 OK
r-patched-solaris-x86 1.0.3 138.20 OK
r-release-linux-x86_64 1.0.3 3.53 79.41 82.94 OK
r-release-macos-x86_64 1.0.3 OK
r-release-windows-ix86+x86_64 1.0.3 6.00 80.00 86.00 OK
r-oldrel-macos-x86_64 1.0.3 OK
r-oldrel-windows-ix86+x86_64 1.0.3 6.00 71.00 77.00 OK

Check Details

Version: 1.0.3
Check: Rd cross-references
Result: NOTE
    Undeclared package ‘glmnet’ in Rd xrefs
Flavor: r-devel-linux-x86_64-fedora-clang