CRAN Package Check Results for Package origami

Last updated on 2020-09-29 15:47:40 CEST.

Flavor Version Tinstall Tcheck Ttotal Status Flags
r-devel-linux-x86_64-debian-clang 1.0.3 3.62 80.80 84.42 OK
r-devel-linux-x86_64-debian-gcc 1.0.3 2.74 56.87 59.61 OK
r-devel-linux-x86_64-fedora-clang 1.0.3 105.95 NOTE
r-devel-linux-x86_64-fedora-gcc 1.0.3 97.78 OK
r-devel-windows-ix86+x86_64 1.0.3 8.00 92.00 100.00 OK
r-patched-linux-x86_64 1.0.3 3.26 77.74 81.00 OK
r-patched-solaris-x86 1.0.3 132.00 OK
r-release-linux-x86_64 1.0.3 3.49 77.11 80.60 OK
r-release-macos-x86_64 1.0.3 OK
r-release-windows-ix86+x86_64 1.0.3 14.00 108.00 122.00 OK
r-oldrel-macos-x86_64 1.0.3 OK
r-oldrel-windows-ix86+x86_64 1.0.3 6.00 97.00 103.00 OK

Check Details

Version: 1.0.3
Check: Rd cross-references
Result: NOTE
    Undeclared package ‘glmnet’ in Rd xrefs
Flavor: r-devel-linux-x86_64-fedora-clang