CRAN Package Check Results for Package orgutils

Last updated on 2022-12-08 15:53:34 CET.

Flavor Version Tinstall Tcheck Ttotal Status Flags
r-devel-linux-x86_64-debian-clang 0.4-1 2.31 25.74 28.05 OK
r-devel-linux-x86_64-debian-gcc 0.4-1 1.66 20.64 22.30 OK
r-devel-linux-x86_64-fedora-clang 0.4-1 46.36 NOTE
r-devel-linux-x86_64-fedora-gcc 0.4-1 55.69 OK
r-devel-windows-x86_64 0.4-1 10.00 66.00 76.00 OK
r-patched-linux-x86_64 0.4-1 2.27 25.10 27.37 OK
r-release-linux-x86_64 0.4-1 1.36 24.71 26.07 OK
r-release-macos-arm64 0.4-1 17.00 OK
r-release-macos-x86_64 0.4-1 23.00 OK
r-release-windows-x86_64 0.4-1 17.00 69.00 86.00 OK
r-oldrel-macos-arm64 0.4-1 20.00 OK
r-oldrel-macos-x86_64 0.4-1 27.00 OK
r-oldrel-windows-ix86+x86_64 0.4-1 5.00 54.00 59.00 OK

Check Details

Version: 0.4-1
Check: Rd cross-references
Result: NOTE
    Undeclared package ‘microplot’ in Rd xrefs
Flavor: r-devel-linux-x86_64-fedora-clang