Last updated on 2022-07-02 03:51:35 CEST.
Flavor | Version | Tinstall | Tcheck | Ttotal | Status | Flags |
---|---|---|---|---|---|---|
r-devel-linux-x86_64-debian-clang | 1.0.7 | 10.03 | 116.00 | 126.03 | OK | |
r-devel-linux-x86_64-debian-gcc | 1.0.7 | 8.63 | 87.79 | 96.42 | OK | |
r-devel-linux-x86_64-fedora-clang | 1.0.7 | 160.36 | NOTE | |||
r-devel-linux-x86_64-fedora-gcc | 1.0.7 | 161.70 | OK | |||
r-devel-windows-x86_64 | 1.0.7 | 44.00 | 84.00 | 128.00 | OK | --no-vignettes |
r-patched-linux-x86_64 | 1.0.7 | 9.40 | 110.70 | 120.10 | OK | |
r-release-linux-x86_64 | 1.0.7 | 10.17 | 111.22 | 121.39 | OK | |
r-release-macos-arm64 | 1.0.7 | 48.00 | OK | |||
r-release-macos-x86_64 | 1.0.7 | 82.00 | OK | |||
r-release-windows-x86_64 | 1.0.7 | 85.00 | 84.00 | 169.00 | OK | --no-vignettes |
r-oldrel-macos-arm64 | 1.0.7 | 47.00 | OK | |||
r-oldrel-macos-x86_64 | 1.0.7 | 76.00 | OK | |||
r-oldrel-windows-ix86+x86_64 | 1.0.7 | 26.00 | 107.00 | 133.00 | OK | --no-vignettes |
Version: 1.0.7
Check: Rd cross-references
Result: NOTE
Undeclared package ‘VGAM’ in Rd xrefs
Flavor: r-devel-linux-x86_64-fedora-clang