CRAN Package Check Results for Package ordinalLBM

Last updated on 2025-01-25 03:49:59 CET.

Flavor Version Tinstall Tcheck Ttotal Status Flags
r-devel-linux-x86_64-debian-clang 1.0 1.99 21.73 23.72 OK
r-devel-linux-x86_64-debian-gcc 1.0 1.74 16.97 18.71 OK
r-devel-linux-x86_64-fedora-clang 1.0 38.55 NOTE
r-devel-linux-x86_64-fedora-gcc 1.0 38.52 NOTE
r-devel-windows-x86_64 1.0 4.00 45.00 49.00 OK
r-patched-linux-x86_64 1.0 1.97 20.65 22.62 OK
r-release-linux-x86_64 1.0 1.64 20.56 22.20 OK
r-release-macos-arm64 1.0 16.00 OK
r-release-macos-x86_64 1.0 24.00 OK
r-release-windows-x86_64 1.0 4.00 45.00 49.00 OK
r-oldrel-macos-arm64 1.0 18.00 OK
r-oldrel-macos-x86_64 1.0 23.00 OK
r-oldrel-windows-x86_64 1.0 4.00 46.00 50.00 OK

Check Details

Version: 1.0
Check: dependencies in R code
Result: NOTE Namespace in Imports field not imported from: ‘reshape2’ All declared Imports should be used. Flavors: r-devel-linux-x86_64-fedora-clang, r-devel-linux-x86_64-fedora-gcc