CRAN Package Check Results for Package optim.functions

Last updated on 2022-07-06 15:49:05 CEST.

Flavor Version Tinstall Tcheck Ttotal Status Flags
r-devel-linux-x86_64-debian-clang 0.1 2.58 24.07 26.65 NOTE
r-devel-linux-x86_64-debian-gcc 0.1 1.93 18.95 20.88 NOTE
r-devel-linux-x86_64-fedora-clang 0.1 42.95 NOTE
r-devel-linux-x86_64-fedora-gcc 0.1 42.19 NOTE
r-devel-windows-x86_64 0.1 27.00 56.00 83.00 NOTE
r-patched-linux-x86_64 0.1 2.54 23.45 25.99 NOTE
r-release-linux-x86_64 0.1 2.18 23.27 25.45 NOTE
r-release-macos-arm64 0.1 16.00 NOTE
r-release-macos-x86_64 0.1 24.00 NOTE
r-release-windows-x86_64 0.1 14.00 56.00 70.00 NOTE
r-oldrel-macos-arm64 0.1 21.00 NOTE
r-oldrel-macos-x86_64 0.1 28.00 NOTE
r-oldrel-windows-ix86+x86_64 0.1 6.00 42.00 48.00 NOTE

Check Details

Version: 0.1
Check: LazyData
Result: NOTE
     'LazyData' is specified without a 'data' directory
Flavors: r-devel-linux-x86_64-debian-clang, r-devel-linux-x86_64-debian-gcc, r-devel-linux-x86_64-fedora-clang, r-devel-linux-x86_64-fedora-gcc, r-devel-windows-x86_64, r-patched-linux-x86_64, r-release-linux-x86_64, r-release-macos-arm64, r-release-macos-x86_64, r-release-windows-x86_64, r-oldrel-macos-arm64, r-oldrel-macos-x86_64, r-oldrel-windows-ix86+x86_64