Last updated on 2023-04-02 03:51:36 CEST.
Flavor | Version | Tinstall | Tcheck | Ttotal | Status | Flags |
---|---|---|---|---|---|---|
r-devel-linux-x86_64-debian-clang | 0.5.1 | 89.05 | 261.11 | 350.16 | OK | |
r-devel-linux-x86_64-debian-gcc | 0.5.1 | 69.68 | 193.96 | 263.64 | OK | |
r-devel-linux-x86_64-fedora-clang | 0.5.1 | 478.36 | NOTE | |||
r-devel-linux-x86_64-fedora-gcc | 0.5.1 | 459.91 | OK | |||
r-devel-windows-x86_64 | 0.5.1 | 74.00 | 324.00 | 398.00 | NOTE | |
r-patched-linux-x86_64 | 0.5.1 | 82.10 | 256.06 | 338.16 | OK | |
r-release-linux-x86_64 | 0.5.1 | 75.44 | 243.50 | 318.94 | OK | |
r-release-macos-arm64 | 0.5.1 | 99.00 | ERROR | |||
r-release-macos-x86_64 | 0.5.1 | 144.00 | NOTE | |||
r-release-windows-x86_64 | 0.5.1 | 260.00 | 388.00 | 648.00 | NOTE | |
r-oldrel-macos-arm64 | 0.5.1 | 94.00 | NOTE | |||
r-oldrel-macos-x86_64 | 0.5.1 | 165.00 | NOTE | |||
r-oldrel-windows-ix86+x86_64 | 0.5.1 | 164.00 | 387.00 | 551.00 | NOTE |
Version: 0.5.1
Check: installed package size
Result: NOTE
installed size is 5.3Mb
sub-directories of 1Mb or more:
doc 1.4Mb
extdata 1.3Mb
Flavors: r-devel-linux-x86_64-fedora-clang, r-devel-windows-x86_64, r-release-macos-arm64, r-release-macos-x86_64, r-release-windows-x86_64, r-oldrel-macos-arm64, r-oldrel-macos-x86_64, r-oldrel-windows-ix86+x86_64
Version: 0.5.1
Check: re-building of vignette outputs
Result: ERROR
Error(s) in re-building vignettes:
...
--- re-building ‘Update-from-openxlsx.Rmd’ using rmarkdown
--- finished re-building ‘Update-from-openxlsx.Rmd’
--- re-building ‘conditional-formatting.Rmd’ using rmarkdown
--- finished re-building ‘conditional-formatting.Rmd’
--- re-building ‘openxlsx2_basic_manual.Rmd’ using rmarkdown
--- finished re-building ‘openxlsx2_basic_manual.Rmd’
--- re-building ‘openxlsx2_charts_manual.Rmd’ using rmarkdown
Quitting from lines 50-63 (openxlsx2_charts_manual.Rmd)
Error: processing vignette 'openxlsx2_charts_manual.Rmd' failed with diagnostics:
polygon edge not found
--- failed re-building ‘openxlsx2_charts_manual.Rmd’
--- re-building ‘openxlsx2_style_manual.Rmd’ using rmarkdown
--- finished re-building ‘openxlsx2_style_manual.Rmd’
SUMMARY: processing the following file failed:
‘openxlsx2_charts_manual.Rmd’
Error: Vignette re-building failed.
Execution halted
Flavor: r-release-macos-arm64