Last updated on 2022-06-28 15:53:23 CEST.
Flavor | Version | Tinstall | Tcheck | Ttotal | Status | Flags |
---|---|---|---|---|---|---|
r-devel-linux-x86_64-debian-clang | 4.2.5 | 119.12 | 142.03 | 261.15 | WARN | |
r-devel-linux-x86_64-debian-gcc | 4.2.5 | 103.72 | 109.62 | 213.34 | OK | |
r-devel-linux-x86_64-fedora-clang | 4.2.5 | 380.69 | WARN | |||
r-devel-linux-x86_64-fedora-gcc | 4.2.5 | 354.44 | OK | |||
r-devel-windows-x86_64 | 4.2.5 | 196.00 | 232.00 | 428.00 | OK | |
r-patched-linux-x86_64 | 4.2.5 | 126.52 | 138.79 | 265.31 | OK | |
r-release-linux-x86_64 | 4.2.5 | 118.69 | 138.31 | 257.00 | OK | |
r-release-macos-arm64 | 4.2.5 | 94.00 | NOTE | |||
r-release-macos-x86_64 | 4.2.5 | 133.00 | NOTE | |||
r-release-windows-x86_64 | 4.2.5 | 205.00 | 251.00 | 456.00 | OK | |
r-oldrel-macos-arm64 | 4.2.5 | 90.00 | NOTE | |||
r-oldrel-macos-x86_64 | 4.2.5 | 138.00 | NOTE | |||
r-oldrel-windows-ix86+x86_64 | 4.2.5 | 268.00 | 295.00 | 563.00 | OK |
Version: 4.2.5
Check: whether package can be installed
Result: WARN
Found the following significant warnings:
load_workbook.cpp:122:15: warning: use of bitwise '|' with boolean operands [-Wbitwise-instead-of-logical]
load_workbook.cpp:142:17: warning: use of bitwise '&' with boolean operands [-Wbitwise-instead-of-logical]
read_workbook.cpp:640:6: warning: use of bitwise '|' with boolean operands [-Wbitwise-instead-of-logical]
write_data.cpp:106:8: warning: use of bitwise '|' with boolean operands [-Wbitwise-instead-of-logical]
write_data.cpp:137:8: warning: use of bitwise '|' with boolean operands [-Wbitwise-instead-of-logical]
write_file.cpp:251:14: warning: use of bitwise '&' with boolean operands [-Wbitwise-instead-of-logical]
Flavors: r-devel-linux-x86_64-debian-clang, r-devel-linux-x86_64-fedora-clang
Version: 4.2.5
Check: installed package size
Result: NOTE
installed size is 6.0Mb
sub-directories of 1Mb or more:
extdata 1.1Mb
libs 3.8Mb
Flavors: r-devel-linux-x86_64-fedora-clang, r-release-macos-arm64, r-release-macos-x86_64, r-oldrel-macos-arm64, r-oldrel-macos-x86_64