CRAN Package Check Results for Package openmetrics

Last updated on 2025-04-30 15:51:42 CEST.

Flavor Version Tinstall Tcheck Ttotal Status Flags
r-devel-linux-x86_64-debian-clang 0.3.0 5.94 22.44 28.38 OK
r-devel-linux-x86_64-debian-gcc 0.3.0 4.51 18.42 22.93 OK
r-devel-linux-x86_64-fedora-clang 0.3.0 44.96 NOTE
r-devel-linux-x86_64-fedora-gcc 0.3.0 41.28 NOTE
r-devel-windows-x86_64 0.3.0 6.00 44.00 50.00 OK
r-patched-linux-x86_64 0.3.0 6.15 20.43 26.58 OK
r-release-linux-x86_64 0.3.0 6.05 20.66 26.71 OK
r-release-macos-arm64 0.3.0 20.00 OK
r-release-macos-x86_64 0.3.0 30.00 OK
r-release-windows-x86_64 0.3.0 6.00 46.00 52.00 OK
r-oldrel-macos-arm64 0.3.0 18.00 NOTE
r-oldrel-macos-x86_64 0.3.0 24.00 NOTE
r-oldrel-windows-x86_64 0.3.0 6.00 45.00 51.00 NOTE

Check Details

Version: 0.3.0
Check: dependencies in R code
Result: NOTE Namespace in Imports field not imported from: ‘R6’ All declared Imports should be used. Flavors: r-devel-linux-x86_64-fedora-clang, r-devel-linux-x86_64-fedora-gcc

Version: 0.3.0
Check: LazyData
Result: NOTE 'LazyData' is specified without a 'data' directory Flavors: r-oldrel-macos-arm64, r-oldrel-macos-x86_64, r-oldrel-windows-x86_64