Last updated on 2022-08-08 03:55:49 CEST.
Flavor | Version | Tinstall | Tcheck | Ttotal | Status | Flags |
---|---|---|---|---|---|---|
r-devel-linux-x86_64-debian-clang | 2.2.8 | 6.52 | 43.80 | 50.32 | OK | |
r-devel-linux-x86_64-debian-gcc | 2.2.8 | 4.54 | 33.14 | 37.68 | OK | |
r-devel-linux-x86_64-fedora-clang | 2.2.8 | 69.17 | NOTE | |||
r-devel-linux-x86_64-fedora-gcc | 2.2.8 | 66.89 | NOTE | |||
r-devel-windows-x86_64 | 2.2.8 | 32.00 | 66.00 | 98.00 | NOTE | |
r-patched-linux-x86_64 | 2.2.8 | 7.81 | 41.77 | 49.58 | OK | |
r-release-linux-x86_64 | 2.2.8 | OK | ||||
r-release-macos-arm64 | 2.2.8 | 24.00 | NOTE | |||
r-release-macos-x86_64 | 2.2.8 | 32.00 | NOTE | |||
r-release-windows-x86_64 | 2.2.8 | 34.00 | 70.00 | 104.00 | NOTE | |
r-oldrel-macos-arm64 | 2.2.8 | 23.00 | NOTE | |||
r-oldrel-macos-x86_64 | 2.2.8 | 32.00 | NOTE | |||
r-oldrel-windows-ix86+x86_64 | 2.2.8 | 11.00 | 61.00 | 72.00 | NOTE |
Version: 2.2.8
Check: data for non-ASCII characters
Result: NOTE
Note: found 4 marked UTF-8 strings
Flavors: r-devel-linux-x86_64-fedora-clang, r-devel-linux-x86_64-fedora-gcc, r-release-macos-arm64, r-release-macos-x86_64, r-oldrel-macos-arm64, r-oldrel-macos-x86_64
Version: 2.2.8
Check: package dependencies
Result: NOTE
Package suggested but not available for checking: 'unix'
Flavors: r-devel-windows-x86_64, r-release-windows-x86_64, r-oldrel-windows-ix86+x86_64