CRAN Package Check Results for Package openadds

Last updated on 2022-08-15 03:52:53 CEST.

Flavor Version Tinstall Tcheck Ttotal Status Flags
r-devel-linux-x86_64-debian-clang 0.2.0 7.05 58.14 65.19 NOTE
r-devel-linux-x86_64-debian-gcc 0.2.0 5.56 43.65 49.21 NOTE
r-devel-linux-x86_64-fedora-clang 0.2.0 87.23 NOTE
r-devel-linux-x86_64-fedora-gcc 0.2.0 84.98 NOTE
r-devel-windows-x86_64 0.2.0 22.00 109.00 131.00 NOTE
r-patched-linux-x86_64 0.2.0 6.30 55.06 61.36 NOTE
r-release-linux-x86_64 0.2.0 4.26 55.76 60.02 NOTE
r-release-macos-arm64 0.2.0 24.00 NOTE
r-release-macos-x86_64 0.2.0 44.00 NOTE
r-release-windows-x86_64 0.2.0 17.00 116.00 133.00 NOTE
r-oldrel-macos-arm64 0.2.0 25.00 NOTE
r-oldrel-macos-x86_64 0.2.0 45.00 NOTE
r-oldrel-windows-ix86+x86_64 0.2.0 24.00 131.00 155.00 NOTE

Check Details

Version: 0.2.0
Check: LazyData
Result: NOTE
     'LazyData' is specified without a 'data' directory
Flavors: r-devel-linux-x86_64-debian-clang, r-devel-linux-x86_64-debian-gcc, r-devel-linux-x86_64-fedora-clang, r-devel-linux-x86_64-fedora-gcc, r-devel-windows-x86_64, r-patched-linux-x86_64, r-release-linux-x86_64, r-release-macos-arm64, r-release-macos-x86_64, r-release-windows-x86_64, r-oldrel-macos-arm64, r-oldrel-macos-x86_64, r-oldrel-windows-ix86+x86_64