Last updated on 2022-08-19 03:57:38 CEST.
Flavor | Version | Tinstall | Tcheck | Ttotal | Status | Flags |
---|---|---|---|---|---|---|
r-devel-linux-x86_64-debian-clang | 1.0.0 | 9.98 | 80.64 | 90.62 | OK | |
r-devel-linux-x86_64-debian-gcc | 1.0.0 | 6.95 | 61.24 | 68.19 | OK | |
r-devel-linux-x86_64-fedora-clang | 1.0.0 | 119.08 | NOTE | |||
r-devel-linux-x86_64-fedora-gcc | 1.0.0 | 96.24 | NOTE | |||
r-devel-windows-x86_64 | 1.0.0 | 21.00 | 97.00 | 118.00 | OK | |
r-patched-linux-x86_64 | 1.0.0 | 6.09 | 75.65 | 81.74 | OK | |
r-release-linux-x86_64 | 1.0.0 | OK | ||||
r-release-macos-arm64 | 1.0.0 | 27.00 | NOTE | |||
r-release-macos-x86_64 | 1.0.0 | 57.00 | NOTE | |||
r-release-windows-x86_64 | 1.0.0 | 32.00 | 106.00 | 138.00 | OK | |
r-oldrel-macos-arm64 | 1.0.0 | 35.00 | NOTE | |||
r-oldrel-macos-x86_64 | 1.0.0 | 46.00 | NOTE | |||
r-oldrel-windows-ix86+x86_64 | 1.0.0 | 21.00 | 102.00 | 123.00 | OK |
Version: 1.0.0
Check: data for non-ASCII characters
Result: NOTE
Note: found 34 marked UTF-8 strings
Flavors: r-devel-linux-x86_64-fedora-clang, r-devel-linux-x86_64-fedora-gcc, r-release-macos-arm64, r-release-macos-x86_64, r-oldrel-macos-arm64, r-oldrel-macos-x86_64