Last updated on 2022-08-09 15:56:20 CEST.
Flavor | Version | Tinstall | Tcheck | Ttotal | Status | Flags |
---|---|---|---|---|---|---|
r-devel-linux-x86_64-debian-clang | 1.0.0 | 7.30 | 63.54 | 70.84 | NOTE | |
r-devel-linux-x86_64-debian-gcc | 1.0.0 | 5.58 | 47.11 | 52.69 | NOTE | |
r-devel-linux-x86_64-fedora-clang | 1.0.0 | 90.88 | NOTE | |||
r-devel-linux-x86_64-fedora-gcc | 1.0.0 | 89.64 | NOTE | |||
r-devel-windows-x86_64 | 1.0.0 | 25.00 | 85.00 | 110.00 | NOTE | |
r-patched-linux-x86_64 | 1.0.0 | 4.24 | 59.69 | 63.93 | NOTE | |
r-release-linux-x86_64 | 1.0.0 | NOTE | ||||
r-release-macos-arm64 | 1.0.0 | 27.00 | NOTE | |||
r-release-macos-x86_64 | 1.0.0 | 43.00 | NOTE | |||
r-release-windows-x86_64 | 1.0.0 | 34.00 | 84.00 | 118.00 | NOTE | |
r-oldrel-macos-arm64 | 1.0.0 | 30.00 | NOTE | |||
r-oldrel-macos-x86_64 | 1.0.0 | 37.00 | NOTE | |||
r-oldrel-windows-ix86+x86_64 | 1.0.0 | 16.00 | 81.00 | 97.00 | NOTE |
Version: 1.0.0
Check: LazyData
Result: NOTE
'LazyData' is specified without a 'data' directory
Flavors: r-devel-linux-x86_64-debian-clang, r-devel-linux-x86_64-debian-gcc, r-devel-linux-x86_64-fedora-clang, r-devel-linux-x86_64-fedora-gcc, r-devel-windows-x86_64, r-patched-linux-x86_64, r-release-linux-x86_64, r-release-macos-arm64, r-release-macos-x86_64, r-release-windows-x86_64, r-oldrel-macos-arm64, r-oldrel-macos-x86_64, r-oldrel-windows-ix86+x86_64