CRAN Package Check Results for Package onbabynames

Last updated on 2023-02-02 04:05:56 CET.

Flavor Version Tinstall Tcheck Ttotal Status Flags
r-devel-linux-x86_64-debian-clang 0.0.1 3.29 37.78 41.07 OK
r-devel-linux-x86_64-debian-gcc 0.0.1 3.96 28.74 32.70 OK
r-devel-linux-x86_64-fedora-clang 0.0.1 52.62 NOTE
r-devel-linux-x86_64-fedora-gcc 0.0.1 50.91 NOTE
r-patched-linux-x86_64 0.0.1 4.01 37.93 41.94 OK
r-release-linux-x86_64 0.0.1 4.58 37.21 41.79 OK
r-release-macos-arm64 0.0.1 17.00 NOTE
r-release-macos-x86_64 0.0.1 29.00 NOTE
r-release-windows-x86_64 0.0.1 9.00 68.00 77.00 OK
r-oldrel-macos-arm64 0.0.1 24.00 NOTE
r-oldrel-macos-x86_64 0.0.1 33.00 NOTE
r-oldrel-windows-ix86+x86_64 0.0.1 11.00 59.00 70.00 OK

Check Details

Version: 0.0.1
Check: data for non-ASCII characters
Result: NOTE
     Note: found 842 marked UTF-8 strings
Flavors: r-devel-linux-x86_64-fedora-clang, r-devel-linux-x86_64-fedora-gcc, r-release-macos-arm64, r-release-macos-x86_64, r-oldrel-macos-arm64, r-oldrel-macos-x86_64