CRAN Package Check Results for Package onbabynames

Last updated on 2024-03-02 04:08:12 CET.

Flavor Version Tinstall Tcheck Ttotal Status Flags
r-devel-linux-x86_64-debian-clang 0.0.1 4.70 37.39 42.09 OK
r-devel-linux-x86_64-debian-gcc 0.0.1 4.31 28.47 32.78 OK
r-devel-linux-x86_64-fedora-clang 0.0.1 52.76 NOTE
r-devel-linux-x86_64-fedora-gcc 0.0.1 48.84 NOTE
r-devel-windows-x86_64 0.0.1 5.00 48.00 53.00 OK
r-patched-linux-x86_64 0.0.1 4.87 37.02 41.89 OK
r-release-linux-x86_64 0.0.1 3.34 36.40 39.74 OK
r-release-macos-arm64 0.0.1 19.00 OK
r-release-macos-x86_64 0.0.1 28.00 OK
r-release-windows-x86_64 0.0.1 7.00 52.00 59.00 OK
r-oldrel-macos-arm64 0.0.1 17.00 NOTE
r-oldrel-windows-x86_64 0.0.1 6.00 56.00 62.00 OK

Check Details

Version: 0.0.1
Check: data for non-ASCII characters
Result: NOTE Note: found 842 marked UTF-8 strings Flavors: r-devel-linux-x86_64-fedora-clang, r-devel-linux-x86_64-fedora-gcc, r-oldrel-macos-arm64