CRAN Package Check Results for Package omu

Last updated on 2020-11-25 15:52:03 CET.

Flavor Version Tinstall Tcheck Ttotal Status Flags
r-devel-linux-x86_64-debian-clang 1.0.4 17.69 198.62 216.31 OK
r-devel-linux-x86_64-debian-gcc 1.0.4 13.59 147.08 160.67 OK
r-devel-linux-x86_64-fedora-clang 1.0.4 271.94 OK
r-devel-linux-x86_64-fedora-gcc 1.0.4 259.65 OK
r-devel-windows-ix86+x86_64 1.0.4 38.00 238.00 276.00 OK
r-patched-linux-x86_64 1.0.4 16.34 187.84 204.18 OK
r-patched-solaris-x86 1.0.4 303.20 OK
r-release-linux-x86_64 1.0.4 17.87 189.37 207.24 OK
r-release-macos-x86_64 1.0.4 ERROR
r-release-windows-ix86+x86_64 1.0.4 40.00 214.00 254.00 OK
r-oldrel-macos-x86_64 1.0.4 OK
r-oldrel-windows-ix86+x86_64 1.0.4 22.00 172.00 194.00 OK

Check Details

Version: 1.0.4
Check: package dependencies
Result: ERROR
    Package required but not available: ‘KEGGREST’
    
    See section ‘The DESCRIPTION file’ in the ‘Writing R Extensions’
    manual.
Flavor: r-release-macos-x86_64