CRAN Package Check Results for Package olctools

Last updated on 2020-10-21 03:47:27 CEST.

Flavor Version Tinstall Tcheck Ttotal Status Flags
r-devel-linux-x86_64-debian-clang 0.3.0 45.82 29.76 75.58 OK
r-devel-linux-x86_64-debian-gcc 0.3.0 30.89 22.38 53.27 OK
r-devel-linux-x86_64-fedora-clang 0.3.0 109.02 NOTE
r-devel-linux-x86_64-fedora-gcc 0.3.0 91.92 NOTE
r-devel-windows-ix86+x86_64 0.3.0 87.00 58.00 145.00 OK
r-patched-linux-x86_64 0.3.0 38.29 27.06 65.35 OK
r-patched-solaris-x86 0.3.0 94.60 OK
r-release-linux-x86_64 0.3.0 38.55 27.03 65.58 OK
r-release-macos-x86_64 0.3.0 OK
r-release-windows-ix86+x86_64 0.3.0 78.00 62.00 140.00 OK
r-oldrel-macos-x86_64 0.3.0 ERROR
r-oldrel-windows-ix86+x86_64 0.3.0 70.00 72.00 142.00 OK

Check Details

Version: 0.3.0
Check: compiled code
Result: NOTE
    File ‘olctools/libs/olctools.so’:
     Found no calls to: ‘R_registerRoutines’, ‘R_useDynamicSymbols’
    
    It is good practice to register native routines and to disable symbol
    search.
    
    See ‘Writing portable packages’ in the ‘Writing R Extensions’ manual.
Flavors: r-devel-linux-x86_64-fedora-clang, r-devel-linux-x86_64-fedora-gcc

Version: 0.3.0
Check: tests
Result: ERROR
     Running ‘testthat.R’ [1s/2s]
    Running the tests in ‘tests/testthat.R’ failed.
    Last 13 lines of output:
     Expected match: "The length value"
     Actual message: "c++ exception (unknown reason)"
    
     ── 2. Failure: OLC encoding throws an error with odd-numbered requested lengths
     `x` threw an error with unexpected message.
     Expected match: "The length value"
     Actual message: "c++ exception (unknown reason)"
    
     ══ testthat results ═══════════════════════════════════════════════════════════
     OK: 34 SKIPPED: 1 FAILED: 2
     1. Failure: OLC encoding throws an error with odd-numbered requested lengths below 8 (@test_encoding.R#20)
     2. Failure: OLC encoding throws an error with odd-numbered requested lengths below 8 (@test_encoding.R#21)
    
     Error: testthat unit tests failed
     Execution halted
Flavor: r-oldrel-macos-x86_64