CRAN Package Check Results for Package okcupiddata

Last updated on 2020-09-22 16:02:34 CEST.

Flavor Version Tinstall Tcheck Ttotal Status Flags
r-devel-linux-x86_64-debian-clang 0.1.0 6.98 23.13 30.11 OK
r-devel-linux-x86_64-debian-gcc 0.1.0 6.42 19.01 25.43 OK
r-devel-linux-x86_64-fedora-clang 0.1.0 48.78 NOTE
r-devel-linux-x86_64-fedora-gcc 0.1.0 38.53 OK
r-devel-windows-ix86+x86_64 0.1.0 14.00 34.00 48.00 OK
r-patched-linux-x86_64 0.1.0 6.71 22.89 29.60 OK
r-patched-solaris-x86 0.1.0 57.60 OK
r-release-linux-x86_64 0.1.0 7.14 23.20 30.34 OK
r-release-macos-x86_64 0.1.0 OK
r-release-windows-ix86+x86_64 0.1.0 13.00 41.00 54.00 OK
r-oldrel-macos-x86_64 0.1.0 OK
r-oldrel-windows-ix86+x86_64 0.1.0 11.00 44.00 55.00 OK

Check Details

Version: 0.1.0
Check: Rd cross-references
Result: NOTE
    Undeclared package ‘lubridate’ in Rd xrefs
Flavor: r-devel-linux-x86_64-fedora-clang