CRAN Package Check Results for Package ojsr

Last updated on 2020-09-23 16:38:47 CEST.

Flavor Version Tinstall Tcheck Ttotal Status Flags
r-devel-linux-x86_64-debian-clang 0.1.1 2.59 55.49 58.08 OK
r-devel-linux-x86_64-debian-gcc 0.1.1 2.25 43.12 45.37 OK
r-devel-linux-x86_64-fedora-clang 0.1.1 64.01 NOTE
r-devel-windows-ix86+x86_64 0.1.1 8.00 343.00 351.00 OK
r-patched-linux-x86_64 0.1.1 2.57 53.62 56.19 OK
r-patched-solaris-x86 0.1.1 63.10 WARN
r-release-linux-x86_64 0.1.1 2.76 54.19 56.95 OK
r-release-macos-x86_64 0.1.1 NOTE
r-release-windows-ix86+x86_64 0.1.1 30.00 383.00 413.00 OK
r-oldrel-macos-x86_64 0.1.1 NOTE
r-oldrel-windows-ix86+x86_64 0.1.1 4.00 345.00 349.00 OK

Check Details

Version: 0.1.1
Check: dependencies in R code
Result: NOTE
    Namespaces in Imports field not imported from:
     ‘oai’ ‘stringr’ ‘utils’
     All declared Imports should be used.
Flavors: r-devel-linux-x86_64-fedora-clang, r-patched-solaris-x86, r-release-macos-x86_64, r-oldrel-macos-x86_64

Version: 0.1.1
Check: re-building of vignette outputs
Result: WARN
    Error(s) in re-building vignettes:
     ...
    --- re-building ‘ojsr-vignette.Rmd’ using rmarkdown
    Warning in engine$weave(file, quiet = quiet, encoding = enc) :
     Pandoc (>= 1.12.3) and/or pandoc-citeproc not available. Falling back to R Markdown v1.
    ── Attaching packages ─────────────────────────────────────── tidyverse 1.3.0 ──
    ✔ ggplot2 3.3.2 ✔ purrr 0.3.4
    ✔ tibble 3.0.3 ✔ dplyr 1.0.2
    ✔ tidyr 1.1.2 ✔ stringr 1.4.0
    ✔ readr 1.3.1 ✔ forcats 0.5.0
    ── Conflicts ────────────────────────────────────────── tidyverse_conflicts() ──
    ✖ dplyr::filter() masks stats::filter()
    ✖ dplyr::lag() masks stats::lag()
    Warning in value[[3L]](cond) :
     error reading https://publicaciones.sociales.uba.ar/index.php/psicologiasocial/issue/archive : Error in open.connection(x, "rb"): SSL certificate problem: self signed certificate in certificate chain
    
    Warning in .Internal(gc(verbose, reset, full)) :
     closing unused connection 4 (https://publicaciones.sociales.uba.ar/index.php/psicologiasocial/issue/archive)
    Warning in value[[3L]](cond) :
     error reading https://publicaciones.sociales.uba.ar/index.php/odisea/issue/archive : Error in open.connection(x, "rb"): SSL certificate problem: self signed certificate in certificate chain
    
    Warning in .Internal(gc(verbose, reset, full)) :
     closing unused connection 3 (https://publicaciones.sociales.uba.ar/index.php/odisea/issue/archive)
    Quitting from lines 55-82 (ojsr-vignette.Rmd)
    Quitting from lines 55-82 (ojsr-vignette.Rmd)
    Error: processing vignette 'ojsr-vignette.Rmd' failed with diagnostics:
    invalid connection
    --- failed re-building ‘ojsr-vignette.Rmd’
    
    SUMMARY: processing the following file failed:
     ‘ojsr-vignette.Rmd’
    
    Error: Vignette re-building failed.
    Execution halted
Flavor: r-patched-solaris-x86