CRAN Package Check Results for Package oem

Last updated on 2022-09-29 03:58:09 CEST.

Flavor Version Tinstall Tcheck Ttotal Status Flags
r-devel-linux-x86_64-debian-clang 2.0.10 405.26 209.54 614.80 NOTE
r-devel-linux-x86_64-debian-gcc 2.0.10 337.07 172.14 509.21 NOTE
r-devel-linux-x86_64-fedora-clang 2.0.10 774.23 NOTE
r-devel-linux-x86_64-fedora-gcc 2.0.10 827.22 NOTE
r-devel-windows-x86_64 2.0.10 255.00 319.00 574.00 NOTE
r-patched-linux-x86_64 2.0.10 342.73 229.77 572.50 NOTE
r-release-linux-x86_64 2.0.10 336.62 235.12 571.74 NOTE
r-release-macos-arm64 2.0.10 215.00 NOTE
r-release-macos-x86_64 2.0.10 301.00 NOTE
r-release-windows-x86_64 2.0.10 248.00 334.00 582.00 NOTE
r-oldrel-macos-arm64 2.0.10 237.00 NOTE
r-oldrel-macos-x86_64 2.0.10 449.00 NOTE
r-oldrel-windows-ix86+x86_64 2.0.10 791.00 346.00 1137.00 NOTE

Check Details

Version: 2.0.10
Check: LazyData
Result: NOTE
     'LazyData' is specified without a 'data' directory
Flavors: r-devel-linux-x86_64-debian-clang, r-devel-linux-x86_64-debian-gcc, r-devel-linux-x86_64-fedora-clang, r-devel-linux-x86_64-fedora-gcc, r-devel-windows-x86_64, r-patched-linux-x86_64, r-release-linux-x86_64, r-release-macos-arm64, r-release-macos-x86_64, r-release-windows-x86_64, r-oldrel-macos-arm64, r-oldrel-macos-x86_64, r-oldrel-windows-ix86+x86_64

Version: 2.0.10
Check: installed package size
Result: NOTE
     installed size is 98.6Mb
     sub-directories of 1Mb or more:
     libs 98.1Mb
Flavors: r-release-macos-arm64, r-release-macos-x86_64, r-oldrel-macos-arm64, r-oldrel-macos-x86_64