CRAN Package Check Results for Package odeintr

Last updated on 2023-10-01 05:05:48 CEST.

Flavor Version Tinstall Tcheck Ttotal Status Flags
r-devel-linux-x86_64-debian-clang 1.7.1 33.62 29.79 63.41 NOTE
r-devel-linux-x86_64-debian-gcc 1.7.1 24.57 23.86 48.43 NOTE
r-devel-linux-x86_64-fedora-clang 1.7.1 90.91 NOTE
r-devel-linux-x86_64-fedora-gcc 1.7.1 89.56 NOTE
r-devel-windows-x86_64 1.7.1 24.00 64.00 88.00 NOTE
r-patched-linux-x86_64 1.7.1 34.78 29.62 64.40 NOTE
r-release-linux-x86_64 1.7.1 32.10 30.06 62.16 NOTE
r-release-macos-arm64 1.7.1 28.00 NOTE
r-release-macos-x86_64 1.7.1 38.00 NOTE
r-release-windows-x86_64 1.7.1 28.00 69.00 97.00 NOTE
r-oldrel-macos-arm64 1.7.1 26.00 OK
r-oldrel-macos-x86_64 1.7.1 38.00 OK
r-oldrel-windows-x86_64 1.7.1 39.00 66.00 105.00 OK

Check Details

Version: 1.7.1
Check: C++ specification
Result: NOTE
     Specified C++11: please drop specification unless essential
Flavors: r-devel-linux-x86_64-debian-clang, r-devel-linux-x86_64-debian-gcc, r-devel-linux-x86_64-fedora-clang, r-devel-linux-x86_64-fedora-gcc, r-devel-windows-x86_64, r-patched-linux-x86_64, r-release-linux-x86_64, r-release-macos-arm64, r-release-macos-x86_64, r-release-windows-x86_64