CRAN Package Check Results for Package oddstream

Last updated on 2024-06-19 03:50:33 CEST.

Flavor Version Tinstall Tcheck Ttotal Status Flags
r-devel-linux-x86_64-debian-clang 0.5.0 16.21 118.91 135.12 OK
r-devel-linux-x86_64-debian-gcc 0.5.0 12.53 89.43 101.96 OK
r-devel-linux-x86_64-fedora-clang 0.5.0 173.64 NOTE
r-devel-linux-x86_64-fedora-gcc 0.5.0 162.13 NOTE
r-devel-windows-x86_64 0.5.0 15.00 96.00 111.00 OK
r-patched-linux-x86_64 0.5.0 16.02 114.80 130.82 OK
r-release-linux-x86_64 0.5.0 9.35 115.70 125.05 OK
r-release-macos-arm64 0.5.0 48.00 OK
r-release-macos-x86_64 0.5.0 76.00 OK
r-release-windows-x86_64 0.5.0 13.00 100.00 113.00 OK
r-oldrel-macos-arm64 0.5.0 52.00 OK
r-oldrel-macos-x86_64 0.5.0 86.00 OK
r-oldrel-windows-x86_64 0.5.0 19.00 115.00 134.00 OK

Check Details

Version: 0.5.0
Check: dependencies in R code
Result: NOTE Namespaces in Imports field not imported from: ‘RColorBrewer’ ‘graphics’ All declared Imports should be used. Flavors: r-devel-linux-x86_64-fedora-clang, r-devel-linux-x86_64-fedora-gcc