Last updated on 2022-06-30 15:51:46 CEST.
Flavor | Version | Tinstall | Tcheck | Ttotal | Status | Flags |
---|---|---|---|---|---|---|
r-devel-linux-x86_64-debian-clang | 0.5.0 | 17.43 | 131.11 | 148.54 | OK | |
r-devel-linux-x86_64-debian-gcc | 0.5.0 | 13.60 | 97.17 | 110.77 | OK | |
r-devel-linux-x86_64-fedora-clang | 0.5.0 | 184.68 | NOTE | |||
r-devel-linux-x86_64-fedora-gcc | 0.5.0 | 180.25 | NOTE | |||
r-devel-windows-x86_64 | 0.5.0 | 26.00 | 133.00 | 159.00 | OK | |
r-patched-linux-x86_64 | 0.5.0 | 13.45 | 122.74 | 136.19 | OK | |
r-release-linux-x86_64 | 0.5.0 | 17.52 | 124.10 | 141.62 | OK | |
r-release-macos-arm64 | 0.5.0 | 48.00 | NOTE | |||
r-release-macos-x86_64 | 0.5.0 | 88.00 | NOTE | |||
r-release-windows-x86_64 | 0.5.0 | 32.00 | 144.00 | 176.00 | OK | |
r-oldrel-macos-arm64 | 0.5.0 | 52.00 | NOTE | |||
r-oldrel-macos-x86_64 | 0.5.0 | 74.00 | NOTE | |||
r-oldrel-windows-ix86+x86_64 | 0.5.0 | 35.00 | 142.00 | 177.00 | OK |
Version: 0.5.0
Check: dependencies in R code
Result: NOTE
Namespaces in Imports field not imported from:
‘RColorBrewer’ ‘graphics’
All declared Imports should be used.
Flavors: r-devel-linux-x86_64-fedora-clang, r-devel-linux-x86_64-fedora-gcc, r-release-macos-arm64, r-release-macos-x86_64, r-oldrel-macos-arm64, r-oldrel-macos-x86_64