CRAN Package Check Results for Package oddsratio

Last updated on 2022-10-07 03:56:01 CEST.

Flavor Version Tinstall Tcheck Ttotal Status Flags
r-devel-linux-x86_64-debian-clang 2.0.1 10.84 117.83 128.67 OK
r-devel-linux-x86_64-debian-gcc 2.0.1 8.82 86.62 95.44 OK
r-devel-linux-x86_64-fedora-clang 2.0.1 172.14 NOTE
r-devel-linux-x86_64-fedora-gcc 2.0.1 155.82 OK
r-devel-windows-x86_64 2.0.1 24.00 136.00 160.00 OK
r-patched-linux-x86_64 2.0.1 13.22 108.90 122.12 OK
r-release-linux-x86_64 2.0.1 8.49 108.11 116.60 OK
r-release-macos-arm64 2.0.1 42.00 OK
r-release-macos-x86_64 2.0.1 87.00 OK
r-release-windows-x86_64 2.0.1 15.00 137.00 152.00 OK
r-oldrel-macos-arm64 2.0.1 49.00 OK
r-oldrel-macos-x86_64 2.0.1 87.00 OK
r-oldrel-windows-ix86+x86_64 2.0.1 24.00 131.00 155.00 OK

Check Details

Version: 2.0.1
Check: Rd cross-references
Result: NOTE
    Undeclared package ‘gam’ in Rd xrefs
Flavor: r-devel-linux-x86_64-fedora-clang