CRAN Package Check Results for Package oddsratio

Last updated on 2020-09-27 03:46:38 CEST.

Flavor Version Tinstall Tcheck Ttotal Status Flags
r-devel-linux-x86_64-debian-clang 2.0.1 8.30 94.71 103.01 OK
r-devel-linux-x86_64-debian-gcc 2.0.1 7.72 70.24 77.96 OK
r-devel-linux-x86_64-fedora-clang 2.0.1 130.87 NOTE
r-devel-linux-x86_64-fedora-gcc 2.0.1 120.69 OK
r-devel-windows-ix86+x86_64 2.0.1 22.00 115.00 137.00 OK
r-patched-linux-x86_64 2.0.1 8.57 86.61 95.18 OK
r-patched-solaris-x86 2.0.1 174.30 OK
r-release-linux-x86_64 2.0.1 7.97 86.87 94.84 OK
r-release-macos-x86_64 2.0.1 OK
r-release-windows-ix86+x86_64 2.0.1 33.00 118.00 151.00 OK
r-oldrel-macos-x86_64 2.0.1 OK
r-oldrel-windows-ix86+x86_64 2.0.1 19.00 113.00 132.00 OK

Check Details

Version: 2.0.1
Check: Rd cross-references
Result: NOTE
    Undeclared package ‘gam’ in Rd xrefs
Flavor: r-devel-linux-x86_64-fedora-clang