CRAN Package Check Results for Package odbc

Last updated on 2020-08-10 15:48:03 CEST.

Flavor Version Tinstall Tcheck Ttotal Status Flags
r-devel-linux-x86_64-debian-clang 1.2.3 91.82 47.74 139.56 OK
r-devel-linux-x86_64-debian-gcc 1.2.3 66.60 37.00 103.60 OK
r-devel-linux-x86_64-fedora-clang 1.2.3 191.28 NOTE
r-devel-linux-x86_64-fedora-gcc 1.2.3 177.27 OK
r-devel-windows-ix86+x86_64 1.2.3 222.00 134.00 356.00 OK
r-patched-linux-x86_64 1.2.3 70.30 47.03 117.33 OK
r-patched-solaris-x86 1.2.3 174.10 OK
r-release-linux-x86_64 1.2.3 66.94 47.28 114.22 OK
r-release-macos-x86_64 1.2.3 NOTE
r-release-windows-ix86+x86_64 1.2.3 239.00 127.00 366.00 OK
r-oldrel-macos-x86_64 1.2.3 NOTE
r-oldrel-windows-ix86+x86_64 1.2.3 27.00 6.00 33.00 ERROR

Check Details

Version: 1.2.3
Check: installed package size
Result: NOTE
     installed size is 7.5Mb
     sub-directories of 1Mb or more:
     libs 7.1Mb
Flavors: r-devel-linux-x86_64-fedora-clang, r-release-macos-x86_64, r-oldrel-macos-x86_64

Version: 1.2.3
Check: whether package can be installed
Result: ERROR
    Installation failed.
Flavor: r-oldrel-windows-ix86+x86_64