CRAN Package Check Results for Package odbc

Last updated on 2020-10-25 03:50:33 CET.

Flavor Version Tinstall Tcheck Ttotal Status Flags
r-devel-linux-x86_64-debian-clang 1.2.3 89.22 51.06 140.28 OK
r-devel-linux-x86_64-debian-gcc 1.2.3 68.14 38.24 106.38 OK
r-devel-linux-x86_64-fedora-clang 1.2.3 197.72 NOTE
r-devel-linux-x86_64-fedora-gcc 1.2.3 180.58 OK
r-devel-windows-ix86+x86_64 1.2.3 224.00 114.00 338.00 OK
r-patched-linux-x86_64 1.2.3 78.36 46.89 125.25 OK
r-patched-solaris-x86 1.2.3 161.70 OK
r-release-linux-x86_64 1.2.3 85.23 46.88 132.11 OK
r-release-macos-x86_64 1.2.3 NOTE
r-release-windows-ix86+x86_64 1.2.3 162.00 83.00 245.00 OK
r-oldrel-macos-x86_64 1.2.3 NOTE
r-oldrel-windows-ix86+x86_64 1.2.3 35.00 6.00 41.00 ERROR

Check Details

Version: 1.2.3
Check: installed package size
Result: NOTE
     installed size is 7.3Mb
     sub-directories of 1Mb or more:
     libs 6.9Mb
Flavors: r-devel-linux-x86_64-fedora-clang, r-release-macos-x86_64, r-oldrel-macos-x86_64

Version: 1.2.3
Check: whether package can be installed
Result: ERROR
    Installation failed.
Flavor: r-oldrel-windows-ix86+x86_64