Last updated on 2023-03-26 15:52:40 CEST.
Flavor | Version | Tinstall | Tcheck | Ttotal | Status | Flags |
---|---|---|---|---|---|---|
r-devel-linux-x86_64-debian-clang | 0.1.2 | 4.74 | 46.59 | 51.33 | NOTE | |
r-devel-linux-x86_64-debian-gcc | 0.1.2 | 4.36 | 35.62 | 39.98 | NOTE | |
r-devel-linux-x86_64-fedora-clang | 0.1.2 | 66.41 | NOTE | |||
r-devel-linux-x86_64-fedora-gcc | 0.1.2 | 74.18 | NOTE | |||
r-patched-linux-x86_64 | 0.1.2 | 4.23 | 43.83 | 48.06 | NOTE | |
r-release-linux-x86_64 | 0.1.2 | 4.91 | 46.13 | 51.04 | NOTE | |
r-release-macos-arm64 | 0.1.2 | 27.00 | NOTE | |||
r-release-macos-x86_64 | 0.1.2 | 49.00 | NOTE | |||
r-release-windows-x86_64 | 0.1.2 | 19.00 | 84.00 | 103.00 | NOTE | |
r-oldrel-macos-arm64 | 0.1.2 | 31.00 | NOTE | |||
r-oldrel-macos-x86_64 | 0.1.2 | 44.00 | NOTE | |||
r-oldrel-windows-ix86+x86_64 | 0.1.2 | 14.00 | 77.00 | 91.00 | NOTE |
Version: 0.1.2
Check: LazyData
Result: NOTE
'LazyData' is specified without a 'data' directory
Flavors: r-devel-linux-x86_64-debian-clang, r-devel-linux-x86_64-debian-gcc, r-devel-linux-x86_64-fedora-clang, r-devel-linux-x86_64-fedora-gcc, r-patched-linux-x86_64, r-release-linux-x86_64, r-release-macos-arm64, r-release-macos-x86_64, r-release-windows-x86_64, r-oldrel-macos-arm64, r-oldrel-macos-x86_64, r-oldrel-windows-ix86+x86_64
Version: 0.1.2
Check: Rd cross-references
Result: NOTE
Undeclared packages ‘ensurer’, ‘validate’ in Rd xrefs
Flavor: r-devel-linux-x86_64-fedora-clang