CRAN Package Check Results for Package oRus

Last updated on 2020-09-22 16:02:35 CEST.

Flavor Version Tinstall Tcheck Ttotal Status Flags
r-devel-linux-x86_64-debian-clang 1.0.0 16.73 129.32 146.05 OK
r-devel-linux-x86_64-debian-gcc 1.0.0 12.50 102.43 114.93 OK
r-devel-linux-x86_64-fedora-clang 1.0.0 197.99 NOTE
r-devel-linux-x86_64-fedora-gcc 1.0.0 178.14 NOTE
r-devel-windows-ix86+x86_64 1.0.0 32.00 112.00 144.00 OK
r-patched-linux-x86_64 1.0.0 16.24 124.88 141.12 OK
r-patched-solaris-x86 1.0.0 231.00 NOTE
r-release-linux-x86_64 1.0.0 16.89 126.86 143.75 OK
r-release-macos-x86_64 1.0.0 NOTE
r-release-windows-ix86+x86_64 1.0.0 32.00 153.00 185.00 OK
r-oldrel-macos-x86_64 1.0.0 NOTE
r-oldrel-windows-ix86+x86_64 1.0.0 21.00 133.00 154.00 OK

Check Details

Version: 1.0.0
Check: dependencies in R code
Result: NOTE
    Namespaces in Imports field not imported from:
     ‘knitr’ ‘tibble’
     All declared Imports should be used.
Flavors: r-devel-linux-x86_64-fedora-clang, r-devel-linux-x86_64-fedora-gcc, r-patched-solaris-x86, r-release-macos-x86_64, r-oldrel-macos-x86_64