CRAN Package Check Results for Package oRus

Last updated on 2023-01-29 03:55:21 CET.

Flavor Version Tinstall Tcheck Ttotal Status Flags
r-devel-linux-x86_64-debian-clang 1.0.0 16.97 158.95 175.92 NOTE
r-devel-linux-x86_64-debian-gcc 1.0.0 14.24 117.32 131.56 NOTE
r-devel-linux-x86_64-fedora-clang 1.0.0 218.99 NOTE
r-devel-linux-x86_64-fedora-gcc 1.0.0 228.86 NOTE
r-patched-linux-x86_64 1.0.0 20.15 148.98 169.13 NOTE
r-release-linux-x86_64 1.0.0 19.33 149.94 169.27 NOTE
r-release-macos-arm64 1.0.0 58.00 NOTE
r-release-macos-x86_64 1.0.0 115.00 NOTE
r-release-windows-x86_64 1.0.0 21.00 150.00 171.00 NOTE
r-oldrel-macos-arm64 1.0.0 81.00 NOTE
r-oldrel-macos-x86_64 1.0.0 106.00 NOTE
r-oldrel-windows-ix86+x86_64 1.0.0 39.00 158.00 197.00 NOTE

Check Details

Version: 1.0.0
Check: LazyData
Result: NOTE
     'LazyData' is specified without a 'data' directory
Flavors: r-devel-linux-x86_64-debian-clang, r-devel-linux-x86_64-debian-gcc, r-devel-linux-x86_64-fedora-clang, r-devel-linux-x86_64-fedora-gcc, r-patched-linux-x86_64, r-release-linux-x86_64, r-release-macos-arm64, r-release-macos-x86_64, r-release-windows-x86_64, r-oldrel-macos-arm64, r-oldrel-macos-x86_64, r-oldrel-windows-ix86+x86_64

Version: 1.0.0
Check: dependencies in R code
Result: NOTE
    Namespaces in Imports field not imported from:
     ‘knitr’ ‘tibble’
     All declared Imports should be used.
Flavors: r-devel-linux-x86_64-fedora-clang, r-devel-linux-x86_64-fedora-gcc, r-release-macos-arm64, r-release-macos-x86_64, r-oldrel-macos-arm64, r-oldrel-macos-x86_64