CRAN Package Check Results for Package nzelect

Last updated on 2020-11-25 15:52:02 CET.

Flavor Version Tinstall Tcheck Ttotal Status Flags
r-devel-linux-x86_64-debian-clang 0.4.0 14.35 61.69 76.04 OK
r-devel-linux-x86_64-debian-gcc 0.4.0 9.72 50.75 60.47 OK
r-devel-linux-x86_64-fedora-clang 0.4.0 96.79 NOTE
r-devel-linux-x86_64-fedora-gcc 0.4.0 86.55 NOTE
r-devel-windows-ix86+x86_64 0.4.0 19.00 83.00 102.00 OK
r-patched-linux-x86_64 0.4.0 10.89 58.91 69.80 OK
r-patched-solaris-x86 0.4.0 138.60 NOTE
r-release-linux-x86_64 0.4.0 14.26 58.86 73.12 OK
r-release-macos-x86_64 0.4.0 NOTE
r-release-windows-ix86+x86_64 0.4.0 21.00 83.00 104.00 OK
r-oldrel-macos-x86_64 0.4.0 NOTE
r-oldrel-windows-ix86+x86_64 0.4.0 16.00 80.00 96.00 OK

Check Details

Version: 0.4.0
Check: data for non-ASCII characters
Result: NOTE
     Note: found 6409 marked UTF-8 strings
Flavors: r-devel-linux-x86_64-fedora-clang, r-devel-linux-x86_64-fedora-gcc, r-patched-solaris-x86, r-release-macos-x86_64, r-oldrel-macos-x86_64