CRAN Package Check Results for Package nutrientr

Last updated on 2022-08-07 15:55:55 CEST.

Flavor Version Tinstall Tcheck Ttotal Status Flags
r-devel-linux-x86_64-debian-clang 0.1 1.73 36.02 37.75 OK
r-devel-linux-x86_64-debian-gcc 0.1 2.01 28.05 30.06 OK
r-devel-linux-x86_64-fedora-clang 0.1 57.22 NOTE
r-devel-linux-x86_64-fedora-gcc 0.1 56.79 NOTE
r-devel-windows-x86_64 0.1 28.00 139.00 167.00 OK
r-patched-linux-x86_64 0.1 2.53 34.13 36.66 OK
r-release-linux-x86_64 0.1 2.01 33.36 35.37 OK
r-release-macos-arm64 0.1 116.00 NOTE
r-release-macos-x86_64 0.1 134.00 NOTE
r-release-windows-x86_64 0.1 15.00 138.00 153.00 OK
r-oldrel-macos-arm64 0.1 115.00 NOTE
r-oldrel-macos-x86_64 0.1 131.00 NOTE
r-oldrel-windows-ix86+x86_64 0.1 7.00 130.00 137.00 OK

Check Details

Version: 0.1
Check: dependencies in R code
Result: NOTE
    Namespaces in Imports field not imported from:
     ‘ggplot2’ ‘qpdf’ ‘stringr’
     All declared Imports should be used.
Flavors: r-devel-linux-x86_64-fedora-clang, r-devel-linux-x86_64-fedora-gcc, r-release-macos-arm64, r-release-macos-x86_64, r-oldrel-macos-arm64, r-oldrel-macos-x86_64