CRAN Package Check Results for Package numKM

Last updated on 2022-07-02 15:52:24 CEST.

Flavor Version Tinstall Tcheck Ttotal Status Flags
r-devel-linux-x86_64-debian-clang 0.2.0 7.43 62.27 69.70 NOTE
r-devel-linux-x86_64-debian-gcc 0.2.0 6.40 48.06 54.46 NOTE
r-devel-linux-x86_64-fedora-clang 0.2.0 92.89 NOTE
r-devel-linux-x86_64-fedora-gcc 0.2.0 92.19 NOTE
r-devel-windows-x86_64 0.2.0 11.00 83.00 94.00 NOTE
r-patched-linux-x86_64 0.2.0 6.84 60.30 67.14 NOTE
r-release-linux-x86_64 0.2.0 7.06 59.52 66.58 NOTE
r-release-macos-arm64 0.2.0 26.00 NOTE
r-release-macos-x86_64 0.2.0 39.00 NOTE
r-release-windows-x86_64 0.2.0 11.00 83.00 94.00 NOTE
r-oldrel-macos-arm64 0.2.0 38.00 NOTE
r-oldrel-macos-x86_64 0.2.0 56.00 NOTE
r-oldrel-windows-ix86+x86_64 0.2.0 17.00 79.00 96.00 NOTE

Check Details

Version: 0.2.0
Check: LazyData
Result: NOTE
     'LazyData' is specified without a 'data' directory
Flavors: r-devel-linux-x86_64-debian-clang, r-devel-linux-x86_64-debian-gcc, r-devel-linux-x86_64-fedora-clang, r-devel-linux-x86_64-fedora-gcc, r-devel-windows-x86_64, r-patched-linux-x86_64, r-release-linux-x86_64, r-release-macos-arm64, r-release-macos-x86_64, r-release-windows-x86_64, r-oldrel-macos-arm64, r-oldrel-macos-x86_64, r-oldrel-windows-ix86+x86_64