CRAN Package Check Results for Package nucim

Last updated on 2020-09-20 03:47:31 CEST.

Flavor Version Tinstall Tcheck Ttotal Status Flags
r-devel-linux-x86_64-debian-clang 1.0.9 9.52 70.94 80.46 OK
r-devel-linux-x86_64-debian-gcc 1.0.9 6.57 55.77 62.34 OK
r-devel-linux-x86_64-fedora-clang 1.0.9 110.77 OK
r-devel-linux-x86_64-fedora-gcc 1.0.9 101.74 OK
r-devel-windows-ix86+x86_64 1.0.9 22.00 83.00 105.00 WARN
r-patched-linux-x86_64 1.0.9 7.72 71.08 78.80 OK
r-patched-solaris-x86 1.0.9 153.00 OK
r-release-linux-x86_64 1.0.9 7.85 70.78 78.63 OK
r-release-macos-x86_64 1.0.9 OK
r-release-windows-ix86+x86_64 1.0.9 21.00 99.00 120.00 WARN
r-oldrel-macos-x86_64 1.0.9 OK
r-oldrel-windows-ix86+x86_64 1.0.9 13.00 96.00 109.00 WARN

Check Details

Version: 1.0.9
Check: whether package can be installed
Result: WARN
    Found the following significant warnings:
     Warning: namespace 'Rcpp' is not available and has been replaced
Flavors: r-devel-windows-ix86+x86_64, r-release-windows-ix86+x86_64, r-oldrel-windows-ix86+x86_64