Last updated on 2022-07-06 15:49:04 CEST.
Flavor | Version | Tinstall | Tcheck | Ttotal | Status | Flags |
---|---|---|---|---|---|---|
r-devel-linux-x86_64-debian-clang | 0.0.3 | 15.50 | 110.79 | 126.29 | OK | |
r-devel-linux-x86_64-debian-gcc | 0.0.3 | 9.42 | 82.75 | 92.17 | OK | |
r-devel-linux-x86_64-fedora-clang | 0.0.3 | 165.33 | NOTE | |||
r-devel-linux-x86_64-fedora-gcc | 0.0.3 | 163.83 | NOTE | |||
r-devel-windows-x86_64 | 0.0.3 | 16.00 | 124.00 | 140.00 | OK | |
r-patched-linux-x86_64 | 0.0.3 | 13.96 | 103.40 | 117.36 | OK | |
r-release-linux-x86_64 | 0.0.3 | 10.76 | 103.22 | 113.98 | OK | |
r-release-macos-arm64 | 0.0.3 | 44.00 | NOTE | |||
r-release-macos-x86_64 | 0.0.3 | 80.00 | NOTE | |||
r-release-windows-x86_64 | 0.0.3 | 16.00 | 135.00 | 151.00 | OK | |
r-oldrel-macos-arm64 | 0.0.3 | 46.00 | NOTE | |||
r-oldrel-macos-x86_64 | 0.0.3 | 68.00 | NOTE | |||
r-oldrel-windows-ix86+x86_64 | 0.0.3 | 29.00 | 128.00 | 157.00 | OK |
Version: 0.0.3
Check: dependencies in R code
Result: NOTE
Namespace in Imports field not imported from: ‘xgboost’
All declared Imports should be used.
Flavors: r-devel-linux-x86_64-fedora-clang, r-devel-linux-x86_64-fedora-gcc, r-release-macos-arm64, r-release-macos-x86_64, r-oldrel-macos-arm64, r-oldrel-macos-x86_64