CRAN Package Check Results for Package nsRFA

Last updated on 2020-09-22 03:49:32 CEST.

Flavor Version Tinstall Tcheck Ttotal Status Flags
r-devel-linux-x86_64-debian-clang 0.7-15 23.51 165.66 189.17 OK
r-devel-linux-x86_64-debian-gcc 0.7-15 0.53 2.75 3.28 ERROR
r-devel-linux-x86_64-fedora-clang 0.7-15 243.88 OK
r-devel-linux-x86_64-fedora-gcc 0.7-15 234.15 OK
r-devel-windows-ix86+x86_64 0.7-15 71.00 182.00 253.00 OK
r-patched-linux-x86_64 0.7-15 18.90 163.68 182.58 OK
r-patched-solaris-x86 0.7-15 290.90 OK
r-release-linux-x86_64 0.7-15 21.23 165.28 186.51 OK
r-release-macos-x86_64 0.7-15 OK
r-release-windows-ix86+x86_64 0.7-15 68.00 221.00 289.00 OK
r-oldrel-macos-x86_64 0.7-15 OK
r-oldrel-windows-ix86+x86_64 0.7-15 97.00 238.00 335.00 OK

Check Details

Version: 0.7-15
Check: whether package can be installed
Result: ERROR
    Installation failed.
Flavor: r-devel-linux-x86_64-debian-gcc