CRAN Package Check Results for Package nproc

Last updated on 2024-07-22 15:57:28 CEST.

Flavor Version Tinstall Tcheck Ttotal Status Flags
r-devel-linux-x86_64-debian-clang 2.1.5 7.41 137.65 145.06 NOTE
r-devel-linux-x86_64-debian-gcc 2.1.5 6.42 92.72 99.14 NOTE
r-devel-linux-x86_64-fedora-clang 2.1.5 179.41 NOTE
r-devel-linux-x86_64-fedora-gcc 2.1.5 186.77 NOTE
r-devel-windows-x86_64 2.1.5 9.00 141.00 150.00 NOTE
r-patched-linux-x86_64 2.1.5 9.87 135.70 145.57 NOTE
r-release-linux-x86_64 2.1.5 8.92 137.40 146.32 NOTE
r-release-macos-arm64 2.1.5 54.00 NOTE
r-release-macos-x86_64 2.1.5 82.00 NOTE
r-release-windows-x86_64 2.1.5 9.00 132.00 141.00 NOTE
r-oldrel-macos-arm64 2.1.5 59.00 NOTE
r-oldrel-macos-x86_64 2.1.5 92.00 NOTE
r-oldrel-windows-x86_64 2.1.5 11.00 142.00 153.00 NOTE

Check Details

Version: 2.1.5
Check: LazyData
Result: NOTE 'LazyData' is specified without a 'data' directory Flavors: r-devel-linux-x86_64-debian-clang, r-devel-linux-x86_64-debian-gcc, r-devel-linux-x86_64-fedora-clang, r-devel-linux-x86_64-fedora-gcc, r-devel-windows-x86_64, r-patched-linux-x86_64, r-release-linux-x86_64, r-release-macos-arm64, r-release-macos-x86_64, r-release-windows-x86_64, r-oldrel-macos-arm64, r-oldrel-macos-x86_64, r-oldrel-windows-x86_64