Last updated on 2022-06-25 15:51:27 CEST.
Flavor | Version | Tinstall | Tcheck | Ttotal | Status | Flags |
---|---|---|---|---|---|---|
r-devel-linux-x86_64-debian-clang | 1.0.5 | 16.90 | 211.96 | 228.86 | OK | |
r-devel-linux-x86_64-debian-gcc | 1.0.5 | 15.12 | 156.93 | 172.05 | OK | |
r-devel-linux-x86_64-fedora-clang | 1.0.5 | 280.33 | NOTE | |||
r-devel-linux-x86_64-fedora-gcc | 1.0.5 | 322.85 | NOTE | |||
r-devel-windows-x86_64 | 1.0.5 | 383.00 | 285.00 | 668.00 | OK | |
r-patched-linux-x86_64 | 1.0.5 | 17.62 | 198.99 | 216.61 | OK | |
r-release-linux-x86_64 | 1.0.5 | 15.96 | 194.08 | 210.04 | OK | |
r-release-macos-arm64 | 1.0.5 | 84.00 | NOTE | |||
r-release-macos-x86_64 | 1.0.5 | 167.00 | NOTE | |||
r-release-windows-x86_64 | 1.0.5 | 461.00 | 287.00 | 748.00 | OK | |
r-oldrel-macos-arm64 | 1.0.5 | 103.00 | NOTE | |||
r-oldrel-macos-x86_64 | 1.0.5 | 173.00 | NOTE | |||
r-oldrel-windows-ix86+x86_64 | 1.0.5 | 38.00 | 258.00 | 296.00 | OK |
Version: 1.0.5
Check: dependencies in R code
Result: NOTE
Namespace in Imports field not imported from: ‘rlang’
All declared Imports should be used.
Flavors: r-devel-linux-x86_64-fedora-clang, r-devel-linux-x86_64-fedora-gcc, r-release-macos-arm64, r-release-macos-x86_64, r-oldrel-macos-arm64, r-oldrel-macos-x86_64